{"id":61787,"date":"2020-02-25T14:19:47","date_gmt":"2020-02-25T14:19:47","guid":{"rendered":"https:\/\/jardinexotiqueroscoff.com\/produit\/kompakte-protea\/"},"modified":"2025-11-24T13:32:44","modified_gmt":"2025-11-24T13:32:44","slug":"kompakte-protea","status":"publish","type":"product","link":"https:\/\/jardinexotiqueroscoff.com\/de\/produit\/kompakte-protea\/","title":{"rendered":"Kompakte Protea"},"content":{"rendered":"<div id=\"dslc-theme-content\"><div id=\"dslc-theme-content-inner\"><div class=\"wpb-content-wrapper\"><p>[vc_row][vc_column][vc_column_text]Zusammenfassung: Protea compacta ist eine Pflanze aus der Familie der Proteaceae.<br \/>\n<!--more--><\/p>\n<p>Botanischer Name: Protea compacta<\/p>\n<p>Familie: Proteaceae<\/p>\n<p>Herkunft: S\u00fcdafrika<\/p>\n<p>Gebr\u00e4uchlicher Name: Protaeus<\/p>\n<p>Winterh\u00e4rte: -4\u00b0C<\/p>\n<p>Sammlung CCVS<\/p>\n<p>Red List of South African Plants: NT (Nahezu gef\u00e4hrdet)<\/p>\n<p><strong>Beschreibung<\/strong><\/p>\n<p>Protea compacta ist eine Pflanze aus der Familie der Proteaceae, deren Lebensraum zwischen der K\u00fcste und 100 m H\u00f6he von Kleinmond bis zu den Bredasdorp Mountains in der Region S\u00fcdwestkap in S\u00fcdafrika liegt. In der Natur erreicht er eine H\u00f6he von 2 bis 3,5 m und eine geringe Breite. Die Lebensdauer der Pflanze wird auf etwa 10 Jahre gesch\u00e4tzt. Die Bl\u00fctezeit ist im Winter. Es gibt Pflanzen mit rosa Bl\u00fctenst\u00e4nden wie unsere, aber auch mit wei\u00dfen Bl\u00fctenst\u00e4nden.[\/vc_column_text][\/vc_column][\/vc_row]<\/p>\n<\/div><\/div><\/div>","protected":false},"excerpt":{"rendered":"<p>[vc_row][vc_column][vc_column_text]Zusammenfassung: Protea compacta ist eine Pflanze aus der Familie der Proteaceae.<\/p>\n","protected":false},"featured_media":60530,"template":"","meta":[],"product_brand":[],"product_cat":[436,435,434,437],"product_tag":[439,438],"class_list":{"0":"post-61787","1":"product","2":"type-product","3":"status-publish","4":"has-post-thumbnail","6":"product_cat-protea-de","7":"product_cat-proteaceae-de","8":"product_cat-proteus","9":"product_cat-sudafrika","10":"product_tag-sammlung-ccvs","11":"product_tag-strauch","13":"first","14":"instock","15":"featured","16":"shipping-taxable","17":"product-type-simple"},"_links":{"self":[{"href":"https:\/\/jardinexotiqueroscoff.com\/de\/wp-json\/wp\/v2\/product\/61787","targetHints":{"allow":["GET"]}}],"collection":[{"href":"https:\/\/jardinexotiqueroscoff.com\/de\/wp-json\/wp\/v2\/product"}],"about":[{"href":"https:\/\/jardinexotiqueroscoff.com\/de\/wp-json\/wp\/v2\/types\/product"}],"wp:featuredmedia":[{"embeddable":true,"href":"https:\/\/jardinexotiqueroscoff.com\/de\/wp-json\/wp\/v2\/media\/60530"}],"wp:attachment":[{"href":"https:\/\/jardinexotiqueroscoff.com\/de\/wp-json\/wp\/v2\/media?parent=61787"}],"wp:term":[{"taxonomy":"product_brand","embeddable":true,"href":"https:\/\/jardinexotiqueroscoff.com\/de\/wp-json\/wp\/v2\/product_brand?post=61787"},{"taxonomy":"product_cat","embeddable":true,"href":"https:\/\/jardinexotiqueroscoff.com\/de\/wp-json\/wp\/v2\/product_cat?post=61787"},{"taxonomy":"product_tag","embeddable":true,"href":"https:\/\/jardinexotiqueroscoff.com\/de\/wp-json\/wp\/v2\/product_tag?post=61787"}],"curies":[{"name":"wp","href":"https:\/\/api.w.org\/{rel}","templated":true}]}}

<div id="dslc-theme-content"><div id="dslc-theme-content-inner"><div class="wpb-content-wrapper"><p>[vc_row][vc_column][vc_column_text]Zusammenfassung: Protea compacta ist eine Pflanze aus der Familie der Proteaceae.<br />
<!--more--></p>
<p>Botanischer Name: Protea compacta</p>
<p>Familie: Proteaceae</p>
<p>Herkunft: Südafrika</p>
<p>Gebräuchlicher Name: Protaeus</p>
<p>Winterhärte: -4°C</p>
<p>Sammlung CCVS</p>
<p>Red List of South African Plants: NT (Nahezu gefährdet)</p>
<p><strong>Beschreibung</strong></p>
<p>Protea compacta ist eine Pflanze aus der Familie der Proteaceae, deren Lebensraum zwischen der Küste und 100 m Höhe von Kleinmond bis zu den Bredasdorp Mountains in der Region Südwestkap in Südafrika liegt. In der Natur erreicht er eine Höhe von 2 bis 3,5 m und eine geringe Breite. Die Lebensdauer der Pflanze wird auf etwa 10 Jahre geschätzt. Die Blütezeit ist im Winter. Es gibt Pflanzen mit rosa Blütenständen wie unsere, aber auch mit weißen Blütenständen.[/vc_column_text][/vc_column][/vc_row]</p>
</div></div></div>
