{"id":61783,"date":"2020-03-15T15:15:22","date_gmt":"2020-03-15T15:15:22","guid":{"rendered":"https:\/\/jardinexotiqueroscoff.com\/produit\/protea-susara\/"},"modified":"2025-11-24T13:32:19","modified_gmt":"2025-11-24T13:32:19","slug":"protea-susara","status":"publish","type":"product","link":"https:\/\/jardinexotiqueroscoff.com\/de\/produit\/protea-susara\/","title":{"rendered":"Protea 'Susara"},"content":{"rendered":"<div id=\"dslc-theme-content\"><div id=\"dslc-theme-content-inner\"><div class=\"wpb-content-wrapper\"><p>[vc_row][vc_column][vc_column_text]Zusammenfassung: Protea 'Susara' ist eine Pflanze aus der Familie der Proteaceae.<br \/>\n<!--more--><\/p>\n<p>Botanischer Name: Protea 'Susara'.<\/p>\n<p>Familie: Proteaceae<\/p>\n<p>Herkunft: Gartenbau<\/p>\n<p>Gebr\u00e4uchlicher Name: Protaeus<\/p>\n<p>Winterh\u00e4rte: -5\u00b0C<\/p>\n<p>Sammlung CCVS<\/p>\n<p><strong>Beschreibung<\/strong><\/p>\n<p>Protea 'Susara' ist eine Hybride aus Protea magnifica und Protea susannae, die 1975 von PDJ Roux gez\u00fcchtet wurde. Es ist ein Strauch, der bis zu 2 Meter hoch und ebenso breit werden kann. Die Bl\u00fctezeit ist von M\u00e4rz bis Mai.[\/vc_column_text][\/vc_column][\/vc_row]<\/p>\n<\/div><\/div><\/div>","protected":false},"excerpt":{"rendered":"<p>[vc_row][vc_column][vc_column_text]Zusammenfassung: Protea 'Susara' ist eine Pflanze aus der Familie der Proteaceae.<\/p>\n","protected":false},"featured_media":60634,"template":"","meta":[],"product_brand":[],"product_cat":[436,562,435,434],"product_tag":[517,439,438],"class_list":{"0":"post-61783","1":"product","2":"type-product","3":"status-publish","4":"has-post-thumbnail","6":"product_cat-protea-de","7":"product_cat-gartenbau","8":"product_cat-proteaceae-de","9":"product_cat-proteus","10":"product_tag-proteacea","11":"product_tag-sammlung-ccvs","12":"product_tag-strauch","14":"first","15":"instock","16":"featured","17":"shipping-taxable","18":"product-type-simple"},"_links":{"self":[{"href":"https:\/\/jardinexotiqueroscoff.com\/de\/wp-json\/wp\/v2\/product\/61783","targetHints":{"allow":["GET"]}}],"collection":[{"href":"https:\/\/jardinexotiqueroscoff.com\/de\/wp-json\/wp\/v2\/product"}],"about":[{"href":"https:\/\/jardinexotiqueroscoff.com\/de\/wp-json\/wp\/v2\/types\/product"}],"wp:featuredmedia":[{"embeddable":true,"href":"https:\/\/jardinexotiqueroscoff.com\/de\/wp-json\/wp\/v2\/media\/60634"}],"wp:attachment":[{"href":"https:\/\/jardinexotiqueroscoff.com\/de\/wp-json\/wp\/v2\/media?parent=61783"}],"wp:term":[{"taxonomy":"product_brand","embeddable":true,"href":"https:\/\/jardinexotiqueroscoff.com\/de\/wp-json\/wp\/v2\/product_brand?post=61783"},{"taxonomy":"product_cat","embeddable":true,"href":"https:\/\/jardinexotiqueroscoff.com\/de\/wp-json\/wp\/v2\/product_cat?post=61783"},{"taxonomy":"product_tag","embeddable":true,"href":"https:\/\/jardinexotiqueroscoff.com\/de\/wp-json\/wp\/v2\/product_tag?post=61783"}],"curies":[{"name":"wp","href":"https:\/\/api.w.org\/{rel}","templated":true}]}}

<div id="dslc-theme-content"><div id="dslc-theme-content-inner"><div class="wpb-content-wrapper"><p>[vc_row][vc_column][vc_column_text]Zusammenfassung: Protea 'Susara' ist eine Pflanze aus der Familie der Proteaceae.<br />
<!--more--></p>
<p>Botanischer Name: Protea 'Susara'.</p>
<p>Familie: Proteaceae</p>
<p>Herkunft: Gartenbau</p>
<p>Gebräuchlicher Name: Protaeus</p>
<p>Winterhärte: -5°C</p>
<p>Sammlung CCVS</p>
<p><strong>Beschreibung</strong></p>
<p>Protea 'Susara' ist eine Hybride aus Protea magnifica und Protea susannae, die 1975 von PDJ Roux gezüchtet wurde. Es ist ein Strauch, der bis zu 2 Meter hoch und ebenso breit werden kann. Die Blütezeit ist von März bis Mai.[/vc_column_text][/vc_column][/vc_row]</p>
</div></div></div>
