{"id":61780,"date":"2020-03-15T11:41:32","date_gmt":"2020-03-15T11:41:32","guid":{"rendered":"https:\/\/jardinexotiqueroscoff.com\/produit\/protea-carnaval-karneval\/"},"modified":"2025-11-24T13:32:31","modified_gmt":"2025-11-24T13:32:31","slug":"protea-carnaval-karneval","status":"publish","type":"product","link":"https:\/\/jardinexotiqueroscoff.com\/de\/produit\/protea-carnaval-karneval\/","title":{"rendered":"Protea 'Carnaval' (Karneval)"},"content":{"rendered":"<div id=\"dslc-theme-content\"><div id=\"dslc-theme-content-inner\"><div class=\"wpb-content-wrapper\"><p>[vc_row][vc_column][vc_column_text]Zusammenfassung: Protea 'Carnaval' ist eine Pflanze aus der Familie der Proteaceae.<br \/>\n<!--more--><\/p>\n<p>Botanischer Name: Protea 'Carnaval' (Karneval)<\/p>\n<p>Familie: Proteaceae<\/p>\n<p>Herkunft: Gartenbau<\/p>\n<p>Gebr\u00e4uchlicher Name: Protaeus<\/p>\n<p>Winterh\u00e4rte: -5\u00b0C<\/p>\n<p>Sammlung CCVS<\/p>\n<p><strong>Beschreibung<\/strong><\/p>\n<p>Protea 'Carnaval' ist eine Hybride zwischen Protea compacta und Protea neriifolia, die 1982 von JC Steenkamp gez\u00fcchtet wurde. Sie kann bis zu 2 Meter hoch und 1,50 Meter breit werden. Die Bl\u00fctezeit ist am Ende des Winters im Februar und M\u00e4rz. Die Pflanze sollte auf saurem, durchl\u00e4ssigem Boden gepflanzt werden.[\/vc_column_text][\/vc_column][\/vc_row]<\/p>\n<\/div><\/div><\/div>","protected":false},"excerpt":{"rendered":"<p>[vc_row][vc_column][vc_column_text]Zusammenfassung: Protea 'Carnaval' ist eine Pflanze aus der Familie der Proteaceae.<\/p>\n","protected":false},"featured_media":60582,"template":"","meta":[],"product_brand":[],"product_cat":[436,562,435,434],"product_tag":[517,439,438],"class_list":{"0":"post-61780","1":"product","2":"type-product","3":"status-publish","4":"has-post-thumbnail","6":"product_cat-protea-de","7":"product_cat-gartenbau","8":"product_cat-proteaceae-de","9":"product_cat-proteus","10":"product_tag-proteacea","11":"product_tag-sammlung-ccvs","12":"product_tag-strauch","14":"first","15":"instock","16":"featured","17":"shipping-taxable","18":"product-type-simple"},"_links":{"self":[{"href":"https:\/\/jardinexotiqueroscoff.com\/de\/wp-json\/wp\/v2\/product\/61780","targetHints":{"allow":["GET"]}}],"collection":[{"href":"https:\/\/jardinexotiqueroscoff.com\/de\/wp-json\/wp\/v2\/product"}],"about":[{"href":"https:\/\/jardinexotiqueroscoff.com\/de\/wp-json\/wp\/v2\/types\/product"}],"wp:featuredmedia":[{"embeddable":true,"href":"https:\/\/jardinexotiqueroscoff.com\/de\/wp-json\/wp\/v2\/media\/60582"}],"wp:attachment":[{"href":"https:\/\/jardinexotiqueroscoff.com\/de\/wp-json\/wp\/v2\/media?parent=61780"}],"wp:term":[{"taxonomy":"product_brand","embeddable":true,"href":"https:\/\/jardinexotiqueroscoff.com\/de\/wp-json\/wp\/v2\/product_brand?post=61780"},{"taxonomy":"product_cat","embeddable":true,"href":"https:\/\/jardinexotiqueroscoff.com\/de\/wp-json\/wp\/v2\/product_cat?post=61780"},{"taxonomy":"product_tag","embeddable":true,"href":"https:\/\/jardinexotiqueroscoff.com\/de\/wp-json\/wp\/v2\/product_tag?post=61780"}],"curies":[{"name":"wp","href":"https:\/\/api.w.org\/{rel}","templated":true}]}}

<div id="dslc-theme-content"><div id="dslc-theme-content-inner"><div class="wpb-content-wrapper"><p>[vc_row][vc_column][vc_column_text]Zusammenfassung: Protea 'Carnaval' ist eine Pflanze aus der Familie der Proteaceae.<br />
<!--more--></p>
<p>Botanischer Name: Protea 'Carnaval' (Karneval)</p>
<p>Familie: Proteaceae</p>
<p>Herkunft: Gartenbau</p>
<p>Gebräuchlicher Name: Protaeus</p>
<p>Winterhärte: -5°C</p>
<p>Sammlung CCVS</p>
<p><strong>Beschreibung</strong></p>
<p>Protea 'Carnaval' ist eine Hybride zwischen Protea compacta und Protea neriifolia, die 1982 von JC Steenkamp gezüchtet wurde. Sie kann bis zu 2 Meter hoch und 1,50 Meter breit werden. Die Blütezeit ist am Ende des Winters im Februar und März. Die Pflanze sollte auf saurem, durchlässigem Boden gepflanzt werden.[/vc_column_text][/vc_column][/vc_row]</p>
</div></div></div>
