{"id":61776,"date":"2020-03-15T12:10:41","date_gmt":"2020-03-15T12:10:41","guid":{"rendered":"https:\/\/jardinexotiqueroscoff.com\/produit\/protea-speciosa\/"},"modified":"2025-11-24T13:32:30","modified_gmt":"2025-11-24T13:32:30","slug":"protea-speciosa","status":"publish","type":"product","link":"https:\/\/jardinexotiqueroscoff.com\/de\/produit\/protea-speciosa\/","title":{"rendered":"Protea speciosa"},"content":{"rendered":"<div id=\"dslc-theme-content\"><div id=\"dslc-theme-content-inner\"><div class=\"wpb-content-wrapper\"><p>[vc_row][vc_column][vc_column_text]Zusammenfassung: Protea speciosa ist eine Pflanze aus der Familie der Proteaceae.<br \/>\n<!--more--><\/p>\n<p>Botanischer Name: Protea speciosa (L.) L.<\/p>\n<p>Familie: Proteaceae<\/p>\n<p>Herkunft: S\u00fcdafrika<\/p>\n<p>Gebr\u00e4uchlicher Name: Protega, B\u00e4rtige Protega, Braunb\u00e4rtige Protega<\/p>\n<p>Winterh\u00e4rte: - 5\u00b0C (? vielleicht auch niedriger, aber wir sind uns nicht sicher, da sie nicht sehr kultiviert ist).<\/p>\n<p>Sammlung CCVS<\/p>\n<p>IUCN REd List: LC (weniger betroffen)<\/p>\n<p><strong>Beschreibung<\/strong><\/p>\n<p>Protea speciosa ist ein Strauch, der 0,50 bis 1,20 m hoch werden kann und einen kurzen, aber aufrechten Stamm hat. Sie w\u00e4chst von der Kaphalbinsel bis zum Potberg haupts\u00e4chlich in 300 bis 600 m H\u00f6he, gelegentlich aber auch von der K\u00fcste bis 1300 m H\u00f6he. Sie ist eine frische Bergpflanze an H\u00e4ngen. Wir kultivieren sie aus Samen, die in Silvermine geerntet und 2010 ausges\u00e4t wurden. Die Pflanzen wurden 2011 in die Erde gebracht.[\/vc_column_text][\/vc_column][\/vc_row]<\/p>\n<\/div><\/div><\/div>","protected":false},"excerpt":{"rendered":"<p>[vc_row][vc_column][vc_column_text]Zusammenfassung: Protea speciosa ist eine Pflanze aus der Familie der Proteaceae.<\/p>\n","protected":false},"featured_media":60594,"template":"","meta":[],"product_brand":[],"product_cat":[436,435,434,437],"product_tag":[517,439,438],"class_list":{"0":"post-61776","1":"product","2":"type-product","3":"status-publish","4":"has-post-thumbnail","6":"product_cat-protea-de","7":"product_cat-proteaceae-de","8":"product_cat-proteus","9":"product_cat-sudafrika","10":"product_tag-proteacea","11":"product_tag-sammlung-ccvs","12":"product_tag-strauch","14":"first","15":"instock","16":"featured","17":"shipping-taxable","18":"product-type-simple"},"_links":{"self":[{"href":"https:\/\/jardinexotiqueroscoff.com\/de\/wp-json\/wp\/v2\/product\/61776","targetHints":{"allow":["GET"]}}],"collection":[{"href":"https:\/\/jardinexotiqueroscoff.com\/de\/wp-json\/wp\/v2\/product"}],"about":[{"href":"https:\/\/jardinexotiqueroscoff.com\/de\/wp-json\/wp\/v2\/types\/product"}],"wp:featuredmedia":[{"embeddable":true,"href":"https:\/\/jardinexotiqueroscoff.com\/de\/wp-json\/wp\/v2\/media\/60594"}],"wp:attachment":[{"href":"https:\/\/jardinexotiqueroscoff.com\/de\/wp-json\/wp\/v2\/media?parent=61776"}],"wp:term":[{"taxonomy":"product_brand","embeddable":true,"href":"https:\/\/jardinexotiqueroscoff.com\/de\/wp-json\/wp\/v2\/product_brand?post=61776"},{"taxonomy":"product_cat","embeddable":true,"href":"https:\/\/jardinexotiqueroscoff.com\/de\/wp-json\/wp\/v2\/product_cat?post=61776"},{"taxonomy":"product_tag","embeddable":true,"href":"https:\/\/jardinexotiqueroscoff.com\/de\/wp-json\/wp\/v2\/product_tag?post=61776"}],"curies":[{"name":"wp","href":"https:\/\/api.w.org\/{rel}","templated":true}]}}

<div id="dslc-theme-content"><div id="dslc-theme-content-inner"><div class="wpb-content-wrapper"><p>[vc_row][vc_column][vc_column_text]Zusammenfassung: Protea speciosa ist eine Pflanze aus der Familie der Proteaceae.<br />
<!--more--></p>
<p>Botanischer Name: Protea speciosa (L.) L.</p>
<p>Familie: Proteaceae</p>
<p>Herkunft: Südafrika</p>
<p>Gebräuchlicher Name: Protega, Bärtige Protega, Braunbärtige Protega</p>
<p>Winterhärte: - 5°C (? vielleicht auch niedriger, aber wir sind uns nicht sicher, da sie nicht sehr kultiviert ist).</p>
<p>Sammlung CCVS</p>
<p>IUCN REd List: LC (weniger betroffen)</p>
<p><strong>Beschreibung</strong></p>
<p>Protea speciosa ist ein Strauch, der 0,50 bis 1,20 m hoch werden kann und einen kurzen, aber aufrechten Stamm hat. Sie wächst von der Kaphalbinsel bis zum Potberg hauptsächlich in 300 bis 600 m Höhe, gelegentlich aber auch von der Küste bis 1300 m Höhe. Sie ist eine frische Bergpflanze an Hängen. Wir kultivieren sie aus Samen, die in Silvermine geerntet und 2010 ausgesät wurden. Die Pflanzen wurden 2011 in die Erde gebracht.[/vc_column_text][/vc_column][/vc_row]</p>
</div></div></div>
