{"id":61771,"date":"2020-07-04T13:03:20","date_gmt":"2020-07-04T13:03:20","guid":{"rendered":"https:\/\/jardinexotiqueroscoff.com\/produit\/dryandra-praemorsa\/"},"modified":"2025-11-24T13:32:01","modified_gmt":"2025-11-24T13:32:01","slug":"dryandra-praemorsa","status":"publish","type":"product","link":"https:\/\/jardinexotiqueroscoff.com\/de\/produit\/dryandra-praemorsa\/","title":{"rendered":"Dryandra praemorsa"},"content":{"rendered":"<div id=\"dslc-theme-content\"><div id=\"dslc-theme-content-inner\"><div class=\"wpb-content-wrapper\"><p>[vc_row][vc_column][vc_column_text]Zusammenfassung: Dryandra praemorsa ist ein australischer Strauch aus der Familie der Proteaceae.<br \/>\n<!--more--><\/p>\n<p>Botanischer Name: Dryandra praemorsa Meisn.<\/p>\n<p>Synonym: Banksia undata<\/p>\n<p>Familie: Proteaceae<\/p>\n<p>Herkunft: Australien<\/p>\n<p>Gew\u00f6hnlicher Name: Seeigel dryandra<\/p>\n<p>Winterh\u00e4rte: -4\u00b0C oder -5\u00b0C<\/p>\n<p><strong>Beschreibung<\/strong><\/p>\n<p>Dryandra praemorsa ist ein Strauch, der bis zu 3 m hoch werden kann. Seine Bl\u00e4tter \u00e4hneln denen der Stechpalme, sind aber nicht stachelig. Er ist im S\u00fcdwesten Australiens beheimatet und nicht winterhart. Die Bl\u00fcten sind gelb. Er sollte in durchl\u00e4ssigen Boden gepflanzt werden und keine phosphathaltigen D\u00fcnger verwenden. Wir kauften ihn 2018 in der G\u00e4rtnerei \"A l'ombre des figuiers\" (Im Schatten der Feigenb\u00e4ume).[\/vc_column_text][\/vc_column][\/vc_row]<\/p>\n<\/div><\/div><\/div>","protected":false},"excerpt":{"rendered":"<p>[vc_row][vc_column][vc_column_text]Zusammenfassung: Dryandra praemorsa ist ein australischer Strauch aus der Familie der Proteaceae.<\/p>\n","protected":false},"featured_media":60732,"template":"","meta":[],"product_brand":[],"product_cat":[789,608,435],"product_tag":[517,438],"class_list":{"0":"post-61771","1":"product","2":"type-product","3":"status-publish","4":"has-post-thumbnail","6":"product_cat-dryandra-de","7":"product_cat-australien","8":"product_cat-proteaceae-de","9":"product_tag-proteacea","10":"product_tag-strauch","12":"first","13":"instock","14":"featured","15":"shipping-taxable","16":"product-type-simple"},"_links":{"self":[{"href":"https:\/\/jardinexotiqueroscoff.com\/de\/wp-json\/wp\/v2\/product\/61771","targetHints":{"allow":["GET"]}}],"collection":[{"href":"https:\/\/jardinexotiqueroscoff.com\/de\/wp-json\/wp\/v2\/product"}],"about":[{"href":"https:\/\/jardinexotiqueroscoff.com\/de\/wp-json\/wp\/v2\/types\/product"}],"wp:featuredmedia":[{"embeddable":true,"href":"https:\/\/jardinexotiqueroscoff.com\/de\/wp-json\/wp\/v2\/media\/60732"}],"wp:attachment":[{"href":"https:\/\/jardinexotiqueroscoff.com\/de\/wp-json\/wp\/v2\/media?parent=61771"}],"wp:term":[{"taxonomy":"product_brand","embeddable":true,"href":"https:\/\/jardinexotiqueroscoff.com\/de\/wp-json\/wp\/v2\/product_brand?post=61771"},{"taxonomy":"product_cat","embeddable":true,"href":"https:\/\/jardinexotiqueroscoff.com\/de\/wp-json\/wp\/v2\/product_cat?post=61771"},{"taxonomy":"product_tag","embeddable":true,"href":"https:\/\/jardinexotiqueroscoff.com\/de\/wp-json\/wp\/v2\/product_tag?post=61771"}],"curies":[{"name":"wp","href":"https:\/\/api.w.org\/{rel}","templated":true}]}}

<div id="dslc-theme-content"><div id="dslc-theme-content-inner"><div class="wpb-content-wrapper"><p>[vc_row][vc_column][vc_column_text]Zusammenfassung: Dryandra praemorsa ist ein australischer Strauch aus der Familie der Proteaceae.<br />
<!--more--></p>
<p>Botanischer Name: Dryandra praemorsa Meisn.</p>
<p>Synonym: Banksia undata</p>
<p>Familie: Proteaceae</p>
<p>Herkunft: Australien</p>
<p>Gewöhnlicher Name: Seeigel dryandra</p>
<p>Winterhärte: -4°C oder -5°C</p>
<p><strong>Beschreibung</strong></p>
<p>Dryandra praemorsa ist ein Strauch, der bis zu 3 m hoch werden kann. Seine Blätter ähneln denen der Stechpalme, sind aber nicht stachelig. Er ist im Südwesten Australiens beheimatet und nicht winterhart. Die Blüten sind gelb. Er sollte in durchlässigen Boden gepflanzt werden und keine phosphathaltigen Dünger verwenden. Wir kauften ihn 2018 in der Gärtnerei "A l'ombre des figuiers" (Im Schatten der Feigenbäume).[/vc_column_text][/vc_column][/vc_row]</p>
</div></div></div>
