{"id":61762,"date":"2020-07-05T12:13:10","date_gmt":"2020-07-05T12:13:10","guid":{"rendered":"https:\/\/jardinexotiqueroscoff.com\/produit\/protea-venus\/"},"modified":"2025-11-24T13:31:36","modified_gmt":"2025-11-24T13:31:36","slug":"protea-venus","status":"publish","type":"product","link":"https:\/\/jardinexotiqueroscoff.com\/de\/produit\/protea-venus\/","title":{"rendered":"Protea 'Venus"},"content":{"rendered":"<div id=\"dslc-theme-content\"><div id=\"dslc-theme-content-inner\"><div class=\"wpb-content-wrapper\"><p>[vc_row][vc_column][vc_column_text]Zusammenfassung: Protea 'Venus' ist eine Hybridpflanze aus der Familie der Proteaceae.<br \/>\n<!--more--><\/p>\n<p>Botanischer Name: Protea 'Venus'.<\/p>\n<p>Stammbaum: Protea aristata x Protea repens<\/p>\n<p>Familie: Proteaceae<\/p>\n<p>Herkunft: Gartenbau<\/p>\n<p>Gebr\u00e4uchlicher Name: Protaeus<\/p>\n<p>Winterh\u00e4rte: -6\u00b0C ?<\/p>\n<p>Sammlung CCVS<\/p>\n<p><strong>Beschreibung<\/strong><\/p>\n<p>Protea 'Venus' ist ein 2-3 m hoher Strauch, der durch die Kreuzung von Protea aristata (Mutter) und Protea repens (Vater) im Jahr 1993 von CSM Michell in S\u00fcdafrika gez\u00fcchtet wurde. Die Bl\u00fctezeit ist derzeit im Fr\u00fchsommer. Wir haben diese Pflanze 2012 in der N\u00e4he des Felsens gepflanzt, da wir nicht wussten, ob sie winterhart ist. Jetzt, da wir ihre Verwandtschaft kennen, k\u00f6nnen wir ihre Winterh\u00e4rte einsch\u00e4tzen: Protea aristata w\u00e4chst zwischen 750 und 2000 m H\u00f6he, w\u00e4hrend Protea repens zwischen der Meeresk\u00fcste und 1500 m H\u00f6he w\u00e4chst. Diese Hybride sollte also eine gute Winterh\u00e4rte haben, vielleicht bei -6\u00b0C.[\/vc_column_text][\/vc_column][\/vc_row]<\/p>\n<\/div><\/div><\/div>","protected":false},"excerpt":{"rendered":"<p>[vc_row][vc_column][vc_column_text]Zusammenfassung: Protea 'Venus' ist eine Hybridpflanze aus der Familie der Proteaceae.<\/p>\n","protected":false},"featured_media":60768,"template":"","meta":[],"product_brand":[],"product_cat":[562,436,435],"product_tag":[517,439,438],"class_list":{"0":"post-61762","1":"product","2":"type-product","3":"status-publish","4":"has-post-thumbnail","6":"product_cat-gartenbau","7":"product_cat-protea-de","8":"product_cat-proteaceae-de","9":"product_tag-proteacea","10":"product_tag-sammlung-ccvs","11":"product_tag-strauch","13":"first","14":"instock","15":"featured","16":"shipping-taxable","17":"product-type-simple"},"_links":{"self":[{"href":"https:\/\/jardinexotiqueroscoff.com\/de\/wp-json\/wp\/v2\/product\/61762","targetHints":{"allow":["GET"]}}],"collection":[{"href":"https:\/\/jardinexotiqueroscoff.com\/de\/wp-json\/wp\/v2\/product"}],"about":[{"href":"https:\/\/jardinexotiqueroscoff.com\/de\/wp-json\/wp\/v2\/types\/product"}],"wp:featuredmedia":[{"embeddable":true,"href":"https:\/\/jardinexotiqueroscoff.com\/de\/wp-json\/wp\/v2\/media\/60768"}],"wp:attachment":[{"href":"https:\/\/jardinexotiqueroscoff.com\/de\/wp-json\/wp\/v2\/media?parent=61762"}],"wp:term":[{"taxonomy":"product_brand","embeddable":true,"href":"https:\/\/jardinexotiqueroscoff.com\/de\/wp-json\/wp\/v2\/product_brand?post=61762"},{"taxonomy":"product_cat","embeddable":true,"href":"https:\/\/jardinexotiqueroscoff.com\/de\/wp-json\/wp\/v2\/product_cat?post=61762"},{"taxonomy":"product_tag","embeddable":true,"href":"https:\/\/jardinexotiqueroscoff.com\/de\/wp-json\/wp\/v2\/product_tag?post=61762"}],"curies":[{"name":"wp","href":"https:\/\/api.w.org\/{rel}","templated":true}]}}

<div id="dslc-theme-content"><div id="dslc-theme-content-inner"><div class="wpb-content-wrapper"><p>[vc_row][vc_column][vc_column_text]Zusammenfassung: Protea 'Venus' ist eine Hybridpflanze aus der Familie der Proteaceae.<br />
<!--more--></p>
<p>Botanischer Name: Protea 'Venus'.</p>
<p>Stammbaum: Protea aristata x Protea repens</p>
<p>Familie: Proteaceae</p>
<p>Herkunft: Gartenbau</p>
<p>Gebräuchlicher Name: Protaeus</p>
<p>Winterhärte: -6°C ?</p>
<p>Sammlung CCVS</p>
<p><strong>Beschreibung</strong></p>
<p>Protea 'Venus' ist ein 2-3 m hoher Strauch, der durch die Kreuzung von Protea aristata (Mutter) und Protea repens (Vater) im Jahr 1993 von CSM Michell in Südafrika gezüchtet wurde. Die Blütezeit ist derzeit im Frühsommer. Wir haben diese Pflanze 2012 in der Nähe des Felsens gepflanzt, da wir nicht wussten, ob sie winterhart ist. Jetzt, da wir ihre Verwandtschaft kennen, können wir ihre Winterhärte einschätzen: Protea aristata wächst zwischen 750 und 2000 m Höhe, während Protea repens zwischen der Meeresküste und 1500 m Höhe wächst. Diese Hybride sollte also eine gute Winterhärte haben, vielleicht bei -6°C.[/vc_column_text][/vc_column][/vc_row]</p>
</div></div></div>
