{"id":61728,"date":"2021-01-28T15:16:58","date_gmt":"2021-01-28T15:16:58","guid":{"rendered":"https:\/\/jardinexotiqueroscoff.com\/produit\/greyia-radlkofleri\/"},"modified":"2025-11-24T13:36:02","modified_gmt":"2025-11-24T13:36:02","slug":"greyia-radlkofleri","status":"publish","type":"product","link":"https:\/\/jardinexotiqueroscoff.com\/de\/produit\/greyia-radlkofleri\/","title":{"rendered":"Greyia radlkofleri"},"content":{"rendered":"<div id=\"dslc-theme-content\"><div id=\"dslc-theme-content-inner\"><p>Botanischer Name: Greyia radlkofleri Szyszyl.<\/p>\n<p>Synonyme: keine<\/p>\n<p>Familie: Melianthaceae<\/p>\n<p>Herkunft: S\u00fcdafrika, KwaZulu-Natal, Limpopo, Mpumalanga, Transvaal<\/p>\n<p>Gew\u00f6hnlicher Name: greyia<\/p>\n<p>Winterh\u00e4rte: unbekannt ohne Zweifel -5\u00b0C bis -6\u00b0C<\/p>\n<p>IUCN Red List: LC<\/p>\n<p>Greyia radlkofleri ist ein kleiner, 3-5 m hoher Strauch mit roten Bl\u00fcten und sommergr\u00fcnem Laub aus der Bretagne. Er w\u00e4chst inmitten von Felsen in einer bergigen Umgebung. Die Bl\u00fcten sind rot. Das Laub ist sommergr\u00fcn.<\/p>\n<\/div><\/div>","protected":false},"excerpt":{"rendered":"<p>Greyia radlkofleri ist ein s\u00fcdafrikanischer Strauch, der wenig angebaut wird und nicht winterhart ist.<\/p>\n","protected":false},"featured_media":60908,"template":"","meta":[],"product_brand":[],"product_cat":[760,759,437],"product_tag":[],"class_list":{"0":"post-61728","1":"product","2":"type-product","3":"status-publish","4":"has-post-thumbnail","6":"product_cat-greyia-de","7":"product_cat-melianthaceae-de","8":"product_cat-sudafrika","10":"first","11":"instock","12":"shipping-taxable","13":"product-type-simple"},"_links":{"self":[{"href":"https:\/\/jardinexotiqueroscoff.com\/de\/wp-json\/wp\/v2\/product\/61728","targetHints":{"allow":["GET"]}}],"collection":[{"href":"https:\/\/jardinexotiqueroscoff.com\/de\/wp-json\/wp\/v2\/product"}],"about":[{"href":"https:\/\/jardinexotiqueroscoff.com\/de\/wp-json\/wp\/v2\/types\/product"}],"wp:featuredmedia":[{"embeddable":true,"href":"https:\/\/jardinexotiqueroscoff.com\/de\/wp-json\/wp\/v2\/media\/60908"}],"wp:attachment":[{"href":"https:\/\/jardinexotiqueroscoff.com\/de\/wp-json\/wp\/v2\/media?parent=61728"}],"wp:term":[{"taxonomy":"product_brand","embeddable":true,"href":"https:\/\/jardinexotiqueroscoff.com\/de\/wp-json\/wp\/v2\/product_brand?post=61728"},{"taxonomy":"product_cat","embeddable":true,"href":"https:\/\/jardinexotiqueroscoff.com\/de\/wp-json\/wp\/v2\/product_cat?post=61728"},{"taxonomy":"product_tag","embeddable":true,"href":"https:\/\/jardinexotiqueroscoff.com\/de\/wp-json\/wp\/v2\/product_tag?post=61728"}],"curies":[{"name":"wp","href":"https:\/\/api.w.org\/{rel}","templated":true}]}}

<div id="dslc-theme-content"><div id="dslc-theme-content-inner"><p>Botanischer Name: Greyia radlkofleri Szyszyl.</p>
<p>Synonyme: keine</p>
<p>Familie: Melianthaceae</p>
<p>Herkunft: Südafrika, KwaZulu-Natal, Limpopo, Mpumalanga, Transvaal</p>
<p>Gewöhnlicher Name: greyia</p>
<p>Winterhärte: unbekannt ohne Zweifel -5°C bis -6°C</p>
<p>IUCN Red List: LC</p>
<p>Greyia radlkofleri ist ein kleiner, 3-5 m hoher Strauch mit roten Blüten und sommergrünem Laub aus der Bretagne. Er wächst inmitten von Felsen in einer bergigen Umgebung. Die Blüten sind rot. Das Laub ist sommergrün.</p>
</div></div>

<p>Greyia radlkofleri ist ein südafrikanischer Strauch, der wenig angebaut wird und nicht winterhart ist.</p>
