{"id":61671,"date":"2020-02-28T14:26:27","date_gmt":"2020-02-28T14:26:27","guid":{"rendered":"https:\/\/jardinexotiqueroscoff.com\/produit\/protea-susannae\/"},"modified":"2025-11-24T13:32:45","modified_gmt":"2025-11-24T13:32:45","slug":"protea-susannae","status":"publish","type":"product","link":"https:\/\/jardinexotiqueroscoff.com\/de\/produit\/protea-susannae\/","title":{"rendered":"Protea susannae"},"content":{"rendered":"<div id=\"dslc-theme-content\"><div id=\"dslc-theme-content-inner\"><div class=\"wpb-content-wrapper\"><p>[vc_row][vc_column][vc_column_text]Zusammenfassung: Protea susannae ist eine Pflanze aus der Familie der Proteaceae.<br \/>\n<!--more--><\/p>\n<p>Botanischer Name: Protea susannae Phillps<\/p>\n<p>Familie: Proteaceae<\/p>\n<p>Herkunft: S\u00fcdafrika<\/p>\n<p>Gebr\u00e4uchlicher Name: Protaeus<\/p>\n<p>Winterh\u00e4rte: -4 oder -5\u00b0C<\/p>\n<p>Sammlung CCVS<\/p>\n<p>Red List: NT (Nahezu gef\u00e4hrdet)<\/p>\n<p><strong>Beschreibung<\/strong><\/p>\n<p>Protea susannae ist ein s\u00fcdafrikanischer Strauch, der 2 bis 3 m hoch wird und eine Fl\u00fcgelspannweite von 3 bis 4 m erreicht. Er w\u00e4chst an den R\u00e4ndern zwischen dem Meeresspiegel und 200 m H\u00f6he. In seinem Habitat gibt es keinen Frost. Aus diesem Grund halten wir sie f\u00fcr nicht winterhart, haben aber keine Erfahrung damit, da sie bei uns in Zone 10 in der N\u00e4he des Felsens gepflanzt wird. Die Bl\u00fctezeit ist von Herbst bis Fr\u00fchjahr.[\/vc_column_text][\/vc_column][\/vc_row]<\/p>\n<\/div><\/div><\/div>","protected":false},"excerpt":{"rendered":"<p>[vc_row][vc_column][vc_column_text]Zusammenfassung: Protea susannae ist eine Pflanze aus der Familie der Proteaceae.<\/p>\n","protected":false},"featured_media":60544,"template":"","meta":[],"product_brand":[],"product_cat":[436,435,434,437],"product_tag":[517,518,439,438],"class_list":{"0":"post-61671","1":"product","2":"type-product","3":"status-publish","4":"has-post-thumbnail","6":"product_cat-protea-de","7":"product_cat-proteaceae-de","8":"product_cat-proteus","9":"product_cat-sudafrika","10":"product_tag-proteacea","11":"product_tag-rote-liste","12":"product_tag-sammlung-ccvs","13":"product_tag-strauch","15":"first","16":"instock","17":"featured","18":"shipping-taxable","19":"product-type-simple"},"_links":{"self":[{"href":"https:\/\/jardinexotiqueroscoff.com\/de\/wp-json\/wp\/v2\/product\/61671","targetHints":{"allow":["GET"]}}],"collection":[{"href":"https:\/\/jardinexotiqueroscoff.com\/de\/wp-json\/wp\/v2\/product"}],"about":[{"href":"https:\/\/jardinexotiqueroscoff.com\/de\/wp-json\/wp\/v2\/types\/product"}],"wp:featuredmedia":[{"embeddable":true,"href":"https:\/\/jardinexotiqueroscoff.com\/de\/wp-json\/wp\/v2\/media\/60544"}],"wp:attachment":[{"href":"https:\/\/jardinexotiqueroscoff.com\/de\/wp-json\/wp\/v2\/media?parent=61671"}],"wp:term":[{"taxonomy":"product_brand","embeddable":true,"href":"https:\/\/jardinexotiqueroscoff.com\/de\/wp-json\/wp\/v2\/product_brand?post=61671"},{"taxonomy":"product_cat","embeddable":true,"href":"https:\/\/jardinexotiqueroscoff.com\/de\/wp-json\/wp\/v2\/product_cat?post=61671"},{"taxonomy":"product_tag","embeddable":true,"href":"https:\/\/jardinexotiqueroscoff.com\/de\/wp-json\/wp\/v2\/product_tag?post=61671"}],"curies":[{"name":"wp","href":"https:\/\/api.w.org\/{rel}","templated":true}]}}

<div id="dslc-theme-content"><div id="dslc-theme-content-inner"><div class="wpb-content-wrapper"><p>[vc_row][vc_column][vc_column_text]Zusammenfassung: Protea susannae ist eine Pflanze aus der Familie der Proteaceae.<br />
<!--more--></p>
<p>Botanischer Name: Protea susannae Phillps</p>
<p>Familie: Proteaceae</p>
<p>Herkunft: Südafrika</p>
<p>Gebräuchlicher Name: Protaeus</p>
<p>Winterhärte: -4 oder -5°C</p>
<p>Sammlung CCVS</p>
<p>Red List: NT (Nahezu gefährdet)</p>
<p><strong>Beschreibung</strong></p>
<p>Protea susannae ist ein südafrikanischer Strauch, der 2 bis 3 m hoch wird und eine Flügelspannweite von 3 bis 4 m erreicht. Er wächst an den Rändern zwischen dem Meeresspiegel und 200 m Höhe. In seinem Habitat gibt es keinen Frost. Aus diesem Grund halten wir sie für nicht winterhart, haben aber keine Erfahrung damit, da sie bei uns in Zone 10 in der Nähe des Felsens gepflanzt wird. Die Blütezeit ist von Herbst bis Frühjahr.[/vc_column_text][/vc_column][/vc_row]</p>
</div></div></div>
