{"id":61666,"date":"2020-02-25T13:56:27","date_gmt":"2020-02-25T13:56:27","guid":{"rendered":"https:\/\/jardinexotiqueroscoff.com\/produit\/protea-clarks-red\/"},"modified":"2025-11-24T13:32:44","modified_gmt":"2025-11-24T13:32:44","slug":"protea-clarks-red","status":"publish","type":"product","link":"https:\/\/jardinexotiqueroscoff.com\/de\/produit\/protea-clarks-red\/","title":{"rendered":"Protea 'Clark's Red'."},"content":{"rendered":"<div id=\"dslc-theme-content\"><div id=\"dslc-theme-content-inner\"><div class=\"wpb-content-wrapper\"><p>[vc_row][vc_column][vc_column_text]Zusammenfassung: Protea 'Clark's Red' ist eine Pflanze aus der Familie der Proteaceae.<br \/>\n<!--more--><\/p>\n<p>Botanischer Name: Protea 'Clark's Red'.<\/p>\n<p>Familie: Proteaceae<\/p>\n<p>Herkunft: Gartenbau<\/p>\n<p>Gebr\u00e4uchlicher Name: Protaeus<\/p>\n<p>Rustizit\u00e4t: gegeben f\u00fcr -8\u00b0C<\/p>\n<p>Sammlung CCVS<\/p>\n<p><strong>Beschreibung<\/strong><\/p>\n<p>Protea 'Clark's Red' ist eine Kreuzung zwischen Protea repens und P. aurea, die 1948 von Jack Clark in Neuseeland gez\u00fcchtet wurde. Sie kann bis zu 2,50 m hoch und ebenso breit werden. Die rote Bl\u00fcte findet bei uns fast das ganze Jahr \u00fcber statt, vom Winter bis zum Fr\u00fchling, aber auch im Herbst und ein wenig im Sommer, je nach Wetter.[\/vc_column_text][\/vc_column][\/vc_row]<\/p>\n<\/div><\/div><\/div>","protected":false},"excerpt":{"rendered":"<p>[vc_row][vc_column][vc_column_text]Zusammenfassung: Protea 'Clark's Red' ist eine Pflanze aus der Familie der Proteaceae.<\/p>\n","protected":false},"featured_media":60526,"template":"","meta":[],"product_brand":[],"product_cat":[436,562,435,434],"product_tag":[439,438],"class_list":{"0":"post-61666","1":"product","2":"type-product","3":"status-publish","4":"has-post-thumbnail","6":"product_cat-protea-de","7":"product_cat-gartenbau","8":"product_cat-proteaceae-de","9":"product_cat-proteus","10":"product_tag-sammlung-ccvs","11":"product_tag-strauch","13":"first","14":"instock","15":"featured","16":"shipping-taxable","17":"product-type-simple"},"_links":{"self":[{"href":"https:\/\/jardinexotiqueroscoff.com\/de\/wp-json\/wp\/v2\/product\/61666","targetHints":{"allow":["GET"]}}],"collection":[{"href":"https:\/\/jardinexotiqueroscoff.com\/de\/wp-json\/wp\/v2\/product"}],"about":[{"href":"https:\/\/jardinexotiqueroscoff.com\/de\/wp-json\/wp\/v2\/types\/product"}],"wp:featuredmedia":[{"embeddable":true,"href":"https:\/\/jardinexotiqueroscoff.com\/de\/wp-json\/wp\/v2\/media\/60526"}],"wp:attachment":[{"href":"https:\/\/jardinexotiqueroscoff.com\/de\/wp-json\/wp\/v2\/media?parent=61666"}],"wp:term":[{"taxonomy":"product_brand","embeddable":true,"href":"https:\/\/jardinexotiqueroscoff.com\/de\/wp-json\/wp\/v2\/product_brand?post=61666"},{"taxonomy":"product_cat","embeddable":true,"href":"https:\/\/jardinexotiqueroscoff.com\/de\/wp-json\/wp\/v2\/product_cat?post=61666"},{"taxonomy":"product_tag","embeddable":true,"href":"https:\/\/jardinexotiqueroscoff.com\/de\/wp-json\/wp\/v2\/product_tag?post=61666"}],"curies":[{"name":"wp","href":"https:\/\/api.w.org\/{rel}","templated":true}]}}

<div id="dslc-theme-content"><div id="dslc-theme-content-inner"><div class="wpb-content-wrapper"><p>[vc_row][vc_column][vc_column_text]Zusammenfassung: Protea 'Clark's Red' ist eine Pflanze aus der Familie der Proteaceae.<br />
<!--more--></p>
<p>Botanischer Name: Protea 'Clark's Red'.</p>
<p>Familie: Proteaceae</p>
<p>Herkunft: Gartenbau</p>
<p>Gebräuchlicher Name: Protaeus</p>
<p>Rustizität: gegeben für -8°C</p>
<p>Sammlung CCVS</p>
<p><strong>Beschreibung</strong></p>
<p>Protea 'Clark's Red' ist eine Kreuzung zwischen Protea repens und P. aurea, die 1948 von Jack Clark in Neuseeland gezüchtet wurde. Sie kann bis zu 2,50 m hoch und ebenso breit werden. Die rote Blüte findet bei uns fast das ganze Jahr über statt, vom Winter bis zum Frühling, aber auch im Herbst und ein wenig im Sommer, je nach Wetter.[/vc_column_text][/vc_column][/vc_row]</p>
</div></div></div>
