{"id":61662,"date":"2020-02-28T13:57:32","date_gmt":"2020-02-28T13:57:32","guid":{"rendered":"https:\/\/jardinexotiqueroscoff.com\/produit\/protea-neriifolia-limelight\/"},"modified":"2025-11-24T13:32:44","modified_gmt":"2025-11-24T13:32:44","slug":"protea-neriifolia-limelight","status":"publish","type":"product","link":"https:\/\/jardinexotiqueroscoff.com\/de\/produit\/protea-neriifolia-limelight\/","title":{"rendered":"Protea neriifolia 'Limelight'."},"content":{"rendered":"<div id=\"dslc-theme-content\"><div id=\"dslc-theme-content-inner\"><div class=\"wpb-content-wrapper\"><p>[vc_row][vc_column][vc_column_text]Zusammenfassung: Protea neriifolia 'Limelight' ist eine Pflanze aus der Familie der Proteaceae.<br \/>\n<!--more--><\/p>\n<p>Botanischer Name: Protea neriifolia 'Limelight'.<\/p>\n<p>Familie: Proteaceae<\/p>\n<p>Herkunft: S\u00fcdafrika<\/p>\n<p>Gebr\u00e4uchlicher Name: Protaeus<\/p>\n<p>Winterh\u00e4rte: -6\u00b0C<\/p>\n<p><strong>Beschreibung<\/strong><\/p>\n<p>Protea neriifolia 'Limelight' ist eine Selektion, die 1950 in Neuseeland aus der Art Protea neriifolia R.Br. gez\u00fcchtet wurde. Diese Sorte wird 1,50 m bis 3 m hoch und hat je nach Sorte cremegr\u00fcne bis silberrosa Bl\u00fcten. Die Sorte 'Limelight' wird an der h\u00f6chsten Stelle 1,50 m hoch mit wei\u00dfen Bl\u00fcten. Er bl\u00fcht im Winter und im fr\u00fchen Fr\u00fchjahr.[\/vc_column_text][\/vc_column][\/vc_row]<\/p>\n<\/div><\/div><\/div>","protected":false},"excerpt":{"rendered":"<p>[vc_row][vc_column][vc_column_text]Zusammenfassung: Protea neriifolia 'Limelight' ist eine Pflanze aus der Familie der Proteaceae.<\/p>\n","protected":false},"featured_media":60540,"template":"","meta":[],"product_brand":[],"product_cat":[436,435,434,437],"product_tag":[517,439,438],"class_list":{"0":"post-61662","1":"product","2":"type-product","3":"status-publish","4":"has-post-thumbnail","6":"product_cat-protea-de","7":"product_cat-proteaceae-de","8":"product_cat-proteus","9":"product_cat-sudafrika","10":"product_tag-proteacea","11":"product_tag-sammlung-ccvs","12":"product_tag-strauch","14":"first","15":"instock","16":"featured","17":"shipping-taxable","18":"product-type-simple"},"_links":{"self":[{"href":"https:\/\/jardinexotiqueroscoff.com\/de\/wp-json\/wp\/v2\/product\/61662","targetHints":{"allow":["GET"]}}],"collection":[{"href":"https:\/\/jardinexotiqueroscoff.com\/de\/wp-json\/wp\/v2\/product"}],"about":[{"href":"https:\/\/jardinexotiqueroscoff.com\/de\/wp-json\/wp\/v2\/types\/product"}],"wp:featuredmedia":[{"embeddable":true,"href":"https:\/\/jardinexotiqueroscoff.com\/de\/wp-json\/wp\/v2\/media\/60540"}],"wp:attachment":[{"href":"https:\/\/jardinexotiqueroscoff.com\/de\/wp-json\/wp\/v2\/media?parent=61662"}],"wp:term":[{"taxonomy":"product_brand","embeddable":true,"href":"https:\/\/jardinexotiqueroscoff.com\/de\/wp-json\/wp\/v2\/product_brand?post=61662"},{"taxonomy":"product_cat","embeddable":true,"href":"https:\/\/jardinexotiqueroscoff.com\/de\/wp-json\/wp\/v2\/product_cat?post=61662"},{"taxonomy":"product_tag","embeddable":true,"href":"https:\/\/jardinexotiqueroscoff.com\/de\/wp-json\/wp\/v2\/product_tag?post=61662"}],"curies":[{"name":"wp","href":"https:\/\/api.w.org\/{rel}","templated":true}]}}

<div id="dslc-theme-content"><div id="dslc-theme-content-inner"><div class="wpb-content-wrapper"><p>[vc_row][vc_column][vc_column_text]Zusammenfassung: Protea neriifolia 'Limelight' ist eine Pflanze aus der Familie der Proteaceae.<br />
<!--more--></p>
<p>Botanischer Name: Protea neriifolia 'Limelight'.</p>
<p>Familie: Proteaceae</p>
<p>Herkunft: Südafrika</p>
<p>Gebräuchlicher Name: Protaeus</p>
<p>Winterhärte: -6°C</p>
<p><strong>Beschreibung</strong></p>
<p>Protea neriifolia 'Limelight' ist eine Selektion, die 1950 in Neuseeland aus der Art Protea neriifolia R.Br. gezüchtet wurde. Diese Sorte wird 1,50 m bis 3 m hoch und hat je nach Sorte cremegrüne bis silberrosa Blüten. Die Sorte 'Limelight' wird an der höchsten Stelle 1,50 m hoch mit weißen Blüten. Er blüht im Winter und im frühen Frühjahr.[/vc_column_text][/vc_column][/vc_row]</p>
</div></div></div>
