{"id":61659,"date":"2020-03-15T13:17:06","date_gmt":"2020-03-15T13:17:06","guid":{"rendered":"https:\/\/jardinexotiqueroscoff.com\/produit\/protea-sylvia\/"},"modified":"2025-11-24T13:32:20","modified_gmt":"2025-11-24T13:32:20","slug":"protea-sylvia","status":"publish","type":"product","link":"https:\/\/jardinexotiqueroscoff.com\/de\/produit\/protea-sylvia\/","title":{"rendered":"Protea 'Sylvia'."},"content":{"rendered":"<div id=\"dslc-theme-content\"><div id=\"dslc-theme-content-inner\"><div class=\"wpb-content-wrapper\"><p>[vc_row][vc_column][vc_column_text]Zusammenfassung: Protea 'Sylvia' ist eine Pflanze aus der Familie der Proteaceae.<br \/>\n<!--more--><\/p>\n<p>Botanischer Name: Protea 'Sylvia'.<\/p>\n<p>Familie: Proteaceae<\/p>\n<p>Herkunft: Gartenbau<\/p>\n<p>Gebr\u00e4uchlicher Name: Protaeus<\/p>\n<p>Winterh\u00e4rte: -6 bis -7\u00b0C<\/p>\n<p>Sammlung CCVS<\/p>\n<p><strong>Beschreibung<\/strong><\/p>\n<p>Protea 'Sylvia' ist eine Hybride aus Protea eximia und Protea susannae aus dem Jahr 1977. Sie bildet einen gro\u00dfen Strauch, der unter guten Bedingungen in mehr als 10 Jahren eine H\u00f6he von 2 m und eine Breite von 2 m erreichen kann. Die Bl\u00fctenst\u00e4nde sind ziemlich gro\u00df und erscheinen im Winter und Fr\u00fchjahr, k\u00f6nnen aber je nach Wetterlage auch gelegentlich im Sommer oder Herbst erscheinen. Wie alle Proteen ben\u00f6tigt sie einen durchl\u00e4ssigen Boden ohne D\u00fcnger (kein Phosphor).[\/vc_column_text][\/vc_column][\/vc_row]<\/p>\n<\/div><\/div><\/div>","protected":false},"excerpt":{"rendered":"<p>[vc_row][vc_column][vc_column_text]Zusammenfassung: Protea 'Sylvia' ist eine Pflanze aus der Familie der Proteaceae.<\/p>\n","protected":false},"featured_media":60614,"template":"","meta":[],"product_brand":[],"product_cat":[436,562,435,434],"product_tag":[517,439,438],"class_list":{"0":"post-61659","1":"product","2":"type-product","3":"status-publish","4":"has-post-thumbnail","6":"product_cat-protea-de","7":"product_cat-gartenbau","8":"product_cat-proteaceae-de","9":"product_cat-proteus","10":"product_tag-proteacea","11":"product_tag-sammlung-ccvs","12":"product_tag-strauch","14":"first","15":"instock","16":"featured","17":"shipping-taxable","18":"product-type-simple"},"_links":{"self":[{"href":"https:\/\/jardinexotiqueroscoff.com\/de\/wp-json\/wp\/v2\/product\/61659","targetHints":{"allow":["GET"]}}],"collection":[{"href":"https:\/\/jardinexotiqueroscoff.com\/de\/wp-json\/wp\/v2\/product"}],"about":[{"href":"https:\/\/jardinexotiqueroscoff.com\/de\/wp-json\/wp\/v2\/types\/product"}],"wp:featuredmedia":[{"embeddable":true,"href":"https:\/\/jardinexotiqueroscoff.com\/de\/wp-json\/wp\/v2\/media\/60614"}],"wp:attachment":[{"href":"https:\/\/jardinexotiqueroscoff.com\/de\/wp-json\/wp\/v2\/media?parent=61659"}],"wp:term":[{"taxonomy":"product_brand","embeddable":true,"href":"https:\/\/jardinexotiqueroscoff.com\/de\/wp-json\/wp\/v2\/product_brand?post=61659"},{"taxonomy":"product_cat","embeddable":true,"href":"https:\/\/jardinexotiqueroscoff.com\/de\/wp-json\/wp\/v2\/product_cat?post=61659"},{"taxonomy":"product_tag","embeddable":true,"href":"https:\/\/jardinexotiqueroscoff.com\/de\/wp-json\/wp\/v2\/product_tag?post=61659"}],"curies":[{"name":"wp","href":"https:\/\/api.w.org\/{rel}","templated":true}]}}

<div id="dslc-theme-content"><div id="dslc-theme-content-inner"><div class="wpb-content-wrapper"><p>[vc_row][vc_column][vc_column_text]Zusammenfassung: Protea 'Sylvia' ist eine Pflanze aus der Familie der Proteaceae.<br />
<!--more--></p>
<p>Botanischer Name: Protea 'Sylvia'.</p>
<p>Familie: Proteaceae</p>
<p>Herkunft: Gartenbau</p>
<p>Gebräuchlicher Name: Protaeus</p>
<p>Winterhärte: -6 bis -7°C</p>
<p>Sammlung CCVS</p>
<p><strong>Beschreibung</strong></p>
<p>Protea 'Sylvia' ist eine Hybride aus Protea eximia und Protea susannae aus dem Jahr 1977. Sie bildet einen großen Strauch, der unter guten Bedingungen in mehr als 10 Jahren eine Höhe von 2 m und eine Breite von 2 m erreichen kann. Die Blütenstände sind ziemlich groß und erscheinen im Winter und Frühjahr, können aber je nach Wetterlage auch gelegentlich im Sommer oder Herbst erscheinen. Wie alle Proteen benötigt sie einen durchlässigen Boden ohne Dünger (kein Phosphor).[/vc_column_text][/vc_column][/vc_row]</p>
</div></div></div>
