{"id":61658,"date":"2020-03-15T10:12:54","date_gmt":"2020-03-15T10:12:54","guid":{"rendered":"https:\/\/jardinexotiqueroscoff.com\/produit\/protea-neriifolia\/"},"modified":"2025-11-24T13:32:31","modified_gmt":"2025-11-24T13:32:31","slug":"protea-neriifolia","status":"publish","type":"product","link":"https:\/\/jardinexotiqueroscoff.com\/de\/produit\/protea-neriifolia\/","title":{"rendered":"Protea neriifolia"},"content":{"rendered":"<div id=\"dslc-theme-content\"><div id=\"dslc-theme-content-inner\"><div class=\"wpb-content-wrapper\"><p>[vc_row][vc_column][vc_column_text]Zusammenfassung: Protea neriifolia ist eine Pflanze aus der Familie der Proteaceae.<br \/>\n<!--more--><\/p>\n<p>Botanischer Name: Protea neriifolia R.Br.<\/p>\n<p>Synonyme: Protea glauca, Scolymocephalus neriifolius<\/p>\n<p>Familie: Proteaceae<\/p>\n<p>Herkunft: S\u00fcdafrika<\/p>\n<p>Gew\u00f6hnliche Benennung: Protaeus, Oleanderbl\u00e4ttrige Protaeus, B\u00e4rtige Protaeus.<\/p>\n<p>Winterh\u00e4rte: F\u00fcr -6\u00b0C angegeben, aber vielleicht -7 oder -8\u00b0C f\u00fcr sehr kurze Zeit.<\/p>\n<p>Sammlung CCVS<\/p>\n<p>IUCN Red List: LC (wenig betroffen)<\/p>\n<p><strong>Beschreibung<\/strong><\/p>\n<p>Protea neriifolia ist ein Strauch, der 1,50 m bis 3 m hoch und 2 m breit werden kann. In seiner Heimat w\u00e4chst er zwischen der K\u00fcste und bis zu 1300 m H\u00f6he auf Sandstein- oder Granitb\u00f6den \u00f6stlich von Kapstadt bis Port Elizabeth. Die Bl\u00fctezeit ist von Herbst bis Fr\u00fchjahr, je nach Individuum oder Herkunftsgebiet. Die Farbe der Bl\u00fctenst\u00e4nde ist je nach Herkunft der Pflanzen sehr unterschiedlich.[\/vc_column_text][\/vc_column][\/vc_row]<\/p>\n<\/div><\/div><\/div>","protected":false},"excerpt":{"rendered":"<p>[vc_row][vc_column][vc_column_text]Zusammenfassung: Protea neriifolia ist eine Pflanze aus der Familie der Proteaceae.<\/p>\n","protected":false},"featured_media":60592,"template":"","meta":[],"product_brand":[],"product_cat":[437,436,435,434],"product_tag":[517,439,438],"class_list":{"0":"post-61658","1":"product","2":"type-product","3":"status-publish","4":"has-post-thumbnail","6":"product_cat-sudafrika","7":"product_cat-protea-de","8":"product_cat-proteaceae-de","9":"product_cat-proteus","10":"product_tag-proteacea","11":"product_tag-sammlung-ccvs","12":"product_tag-strauch","14":"first","15":"instock","16":"featured","17":"shipping-taxable","18":"product-type-simple"},"_links":{"self":[{"href":"https:\/\/jardinexotiqueroscoff.com\/de\/wp-json\/wp\/v2\/product\/61658","targetHints":{"allow":["GET"]}}],"collection":[{"href":"https:\/\/jardinexotiqueroscoff.com\/de\/wp-json\/wp\/v2\/product"}],"about":[{"href":"https:\/\/jardinexotiqueroscoff.com\/de\/wp-json\/wp\/v2\/types\/product"}],"wp:featuredmedia":[{"embeddable":true,"href":"https:\/\/jardinexotiqueroscoff.com\/de\/wp-json\/wp\/v2\/media\/60592"}],"wp:attachment":[{"href":"https:\/\/jardinexotiqueroscoff.com\/de\/wp-json\/wp\/v2\/media?parent=61658"}],"wp:term":[{"taxonomy":"product_brand","embeddable":true,"href":"https:\/\/jardinexotiqueroscoff.com\/de\/wp-json\/wp\/v2\/product_brand?post=61658"},{"taxonomy":"product_cat","embeddable":true,"href":"https:\/\/jardinexotiqueroscoff.com\/de\/wp-json\/wp\/v2\/product_cat?post=61658"},{"taxonomy":"product_tag","embeddable":true,"href":"https:\/\/jardinexotiqueroscoff.com\/de\/wp-json\/wp\/v2\/product_tag?post=61658"}],"curies":[{"name":"wp","href":"https:\/\/api.w.org\/{rel}","templated":true}]}}

<div id="dslc-theme-content"><div id="dslc-theme-content-inner"><div class="wpb-content-wrapper"><p>[vc_row][vc_column][vc_column_text]Zusammenfassung: Protea neriifolia ist eine Pflanze aus der Familie der Proteaceae.<br />
<!--more--></p>
<p>Botanischer Name: Protea neriifolia R.Br.</p>
<p>Synonyme: Protea glauca, Scolymocephalus neriifolius</p>
<p>Familie: Proteaceae</p>
<p>Herkunft: Südafrika</p>
<p>Gewöhnliche Benennung: Protaeus, Oleanderblättrige Protaeus, Bärtige Protaeus.</p>
<p>Winterhärte: Für -6°C angegeben, aber vielleicht -7 oder -8°C für sehr kurze Zeit.</p>
<p>Sammlung CCVS</p>
<p>IUCN Red List: LC (wenig betroffen)</p>
<p><strong>Beschreibung</strong></p>
<p>Protea neriifolia ist ein Strauch, der 1,50 m bis 3 m hoch und 2 m breit werden kann. In seiner Heimat wächst er zwischen der Küste und bis zu 1300 m Höhe auf Sandstein- oder Granitböden östlich von Kapstadt bis Port Elizabeth. Die Blütezeit ist von Herbst bis Frühjahr, je nach Individuum oder Herkunftsgebiet. Die Farbe der Blütenstände ist je nach Herkunft der Pflanzen sehr unterschiedlich.[/vc_column_text][/vc_column][/vc_row]</p>
</div></div></div>
