{"id":61655,"date":"2020-03-15T14:30:49","date_gmt":"2020-03-15T14:30:49","guid":{"rendered":"https:\/\/jardinexotiqueroscoff.com\/produit\/protea-pink-ice\/"},"modified":"2025-11-24T13:32:19","modified_gmt":"2025-11-24T13:32:19","slug":"protea-pink-ice","status":"publish","type":"product","link":"https:\/\/jardinexotiqueroscoff.com\/de\/produit\/protea-pink-ice\/","title":{"rendered":"Protea 'Pink Ice'."},"content":{"rendered":"<div id=\"dslc-theme-content\"><div id=\"dslc-theme-content-inner\"><div class=\"wpb-content-wrapper\"><p>[vc_row][vc_column][vc_column_text]Zusammenfassung: Protea 'Pink Ice' ist eine Pflanze aus der Familie der Proteaceae.<br \/>\n<!--more--><\/p>\n<p>Botanischer Name: Protea 'Pink Ice'.<\/p>\n<p>Synonym: Protea 'Sylvan Pink', Protea 'Camelot'.<\/p>\n<p>Familie: Proteaceae<\/p>\n<p>Herkunft: Gartenbau<\/p>\n<p>Gebr\u00e4uchlicher Name: Protaeus<\/p>\n<p>Winterh\u00e4rte: -6\u00b0C<\/p>\n<p>Sammlung CCVS<\/p>\n<p><strong>Beschreibung<\/strong><\/p>\n<p>Protea 'Pink Ice' ist eine Hybride zwischen Protea compacta und Protea susannae (f\u00fcr Proteaceae hybrids-IPCR-December 2016 oder Proteaceae register 2002) oder Protea neriifolia und Protea susannae (andere Webseiten), die von P. Matthews in Australien gez\u00fcchtet wurde. Sie wurde ab 1984 verbreitet. Sie wird unter guten Kulturbedingungen leicht 2 m hoch und ebenso breit. Die Bl\u00fctezeit ist vom Sp\u00e4twinter bis zum Fr\u00fchjahr, kann aber je nach Wetterlage auch zu anderen Zeiten des Jahres bl\u00fchen.[\/vc_column_text][\/vc_column][\/vc_row]<\/p>\n<\/div><\/div><\/div>","protected":false},"excerpt":{"rendered":"<p>[vc_row][vc_column][vc_column_text]Zusammenfassung: Protea 'Pink Ice' ist eine Pflanze aus der Familie der Proteaceae.<\/p>\n","protected":false},"featured_media":60622,"template":"","meta":[],"product_brand":[],"product_cat":[436,562,435,434],"product_tag":[517,439,438],"class_list":{"0":"post-61655","1":"product","2":"type-product","3":"status-publish","4":"has-post-thumbnail","6":"product_cat-protea-de","7":"product_cat-gartenbau","8":"product_cat-proteaceae-de","9":"product_cat-proteus","10":"product_tag-proteacea","11":"product_tag-sammlung-ccvs","12":"product_tag-strauch","14":"first","15":"instock","16":"featured","17":"shipping-taxable","18":"product-type-simple"},"_links":{"self":[{"href":"https:\/\/jardinexotiqueroscoff.com\/de\/wp-json\/wp\/v2\/product\/61655","targetHints":{"allow":["GET"]}}],"collection":[{"href":"https:\/\/jardinexotiqueroscoff.com\/de\/wp-json\/wp\/v2\/product"}],"about":[{"href":"https:\/\/jardinexotiqueroscoff.com\/de\/wp-json\/wp\/v2\/types\/product"}],"wp:featuredmedia":[{"embeddable":true,"href":"https:\/\/jardinexotiqueroscoff.com\/de\/wp-json\/wp\/v2\/media\/60622"}],"wp:attachment":[{"href":"https:\/\/jardinexotiqueroscoff.com\/de\/wp-json\/wp\/v2\/media?parent=61655"}],"wp:term":[{"taxonomy":"product_brand","embeddable":true,"href":"https:\/\/jardinexotiqueroscoff.com\/de\/wp-json\/wp\/v2\/product_brand?post=61655"},{"taxonomy":"product_cat","embeddable":true,"href":"https:\/\/jardinexotiqueroscoff.com\/de\/wp-json\/wp\/v2\/product_cat?post=61655"},{"taxonomy":"product_tag","embeddable":true,"href":"https:\/\/jardinexotiqueroscoff.com\/de\/wp-json\/wp\/v2\/product_tag?post=61655"}],"curies":[{"name":"wp","href":"https:\/\/api.w.org\/{rel}","templated":true}]}}

<div id="dslc-theme-content"><div id="dslc-theme-content-inner"><div class="wpb-content-wrapper"><p>[vc_row][vc_column][vc_column_text]Zusammenfassung: Protea 'Pink Ice' ist eine Pflanze aus der Familie der Proteaceae.<br />
<!--more--></p>
<p>Botanischer Name: Protea 'Pink Ice'.</p>
<p>Synonym: Protea 'Sylvan Pink', Protea 'Camelot'.</p>
<p>Familie: Proteaceae</p>
<p>Herkunft: Gartenbau</p>
<p>Gebräuchlicher Name: Protaeus</p>
<p>Winterhärte: -6°C</p>
<p>Sammlung CCVS</p>
<p><strong>Beschreibung</strong></p>
<p>Protea 'Pink Ice' ist eine Hybride zwischen Protea compacta und Protea susannae (für Proteaceae hybrids-IPCR-December 2016 oder Proteaceae register 2002) oder Protea neriifolia und Protea susannae (andere Webseiten), die von P. Matthews in Australien gezüchtet wurde. Sie wurde ab 1984 verbreitet. Sie wird unter guten Kulturbedingungen leicht 2 m hoch und ebenso breit. Die Blütezeit ist vom Spätwinter bis zum Frühjahr, kann aber je nach Wetterlage auch zu anderen Zeiten des Jahres blühen.[/vc_column_text][/vc_column][/vc_row]</p>
</div></div></div>
