{"id":61651,"date":"2020-03-15T15:00:22","date_gmt":"2020-03-15T15:00:22","guid":{"rendered":"https:\/\/jardinexotiqueroscoff.com\/produit\/protea-grandiceps\/"},"modified":"2025-11-24T13:32:19","modified_gmt":"2025-11-24T13:32:19","slug":"protea-grandiceps","status":"publish","type":"product","link":"https:\/\/jardinexotiqueroscoff.com\/de\/produit\/protea-grandiceps\/","title":{"rendered":"Protea grandiceps"},"content":{"rendered":"<div id=\"dslc-theme-content\"><div id=\"dslc-theme-content-inner\"><div class=\"wpb-content-wrapper\"><p>[vc_row][vc_column][vc_column_text]Zusammenfassung: Protea grandiceps ist eine Pflanze aus der Familie der Proteaceae.<br \/>\n<!--more--><\/p>\n<p>Botanischer Name: Protea grandiceps Tratt.<\/p>\n<p>Familie: Proteaceae<\/p>\n<p>Herkunft: S\u00fcdafrika<\/p>\n<p>Gebr\u00e4uchlicher Name: Seeteufel, Bartmeise, Rotbartmeise<\/p>\n<p>Winterh\u00e4rte: -7\u00b0C<\/p>\n<p>Sammlung CCVS<\/p>\n<p>IUCN Red List: NT (Quasi bedroht)<\/p>\n<p><strong>Beschreibung<\/strong><\/p>\n<p>Protea grandiceps ist ein langsam wachsender Strauch, der bis zu 2 m hoch und 3 m breit werden kann. Sein Lebensraum ist im Allgemeinen trocken, gelegentlich feucht. Er w\u00e4chst an H\u00e4ngen zwischen 1200 und 1700 m H\u00f6he. Sie ben\u00f6tigt daher einen sehr gut drainierten Boden. Bei uns w\u00e4chst sie auf dem Felsen. Die Bl\u00fctezeit ist im Fr\u00fchjahr.[\/vc_column_text][\/vc_column][\/vc_row]<\/p>\n<\/div><\/div><\/div>","protected":false},"excerpt":{"rendered":"<p>[vc_row][vc_column][vc_column_text]Zusammenfassung: Protea grandiceps ist eine Pflanze aus der Familie der Proteaceae.<\/p>\n","protected":false},"featured_media":60628,"template":"","meta":[],"product_brand":[],"product_cat":[437,436,435,434],"product_tag":[517,439,438],"class_list":{"0":"post-61651","1":"product","2":"type-product","3":"status-publish","4":"has-post-thumbnail","6":"product_cat-sudafrika","7":"product_cat-protea-de","8":"product_cat-proteaceae-de","9":"product_cat-proteus","10":"product_tag-proteacea","11":"product_tag-sammlung-ccvs","12":"product_tag-strauch","14":"first","15":"instock","16":"featured","17":"shipping-taxable","18":"product-type-simple"},"_links":{"self":[{"href":"https:\/\/jardinexotiqueroscoff.com\/de\/wp-json\/wp\/v2\/product\/61651","targetHints":{"allow":["GET"]}}],"collection":[{"href":"https:\/\/jardinexotiqueroscoff.com\/de\/wp-json\/wp\/v2\/product"}],"about":[{"href":"https:\/\/jardinexotiqueroscoff.com\/de\/wp-json\/wp\/v2\/types\/product"}],"wp:featuredmedia":[{"embeddable":true,"href":"https:\/\/jardinexotiqueroscoff.com\/de\/wp-json\/wp\/v2\/media\/60628"}],"wp:attachment":[{"href":"https:\/\/jardinexotiqueroscoff.com\/de\/wp-json\/wp\/v2\/media?parent=61651"}],"wp:term":[{"taxonomy":"product_brand","embeddable":true,"href":"https:\/\/jardinexotiqueroscoff.com\/de\/wp-json\/wp\/v2\/product_brand?post=61651"},{"taxonomy":"product_cat","embeddable":true,"href":"https:\/\/jardinexotiqueroscoff.com\/de\/wp-json\/wp\/v2\/product_cat?post=61651"},{"taxonomy":"product_tag","embeddable":true,"href":"https:\/\/jardinexotiqueroscoff.com\/de\/wp-json\/wp\/v2\/product_tag?post=61651"}],"curies":[{"name":"wp","href":"https:\/\/api.w.org\/{rel}","templated":true}]}}

<div id="dslc-theme-content"><div id="dslc-theme-content-inner"><div class="wpb-content-wrapper"><p>[vc_row][vc_column][vc_column_text]Zusammenfassung: Protea grandiceps ist eine Pflanze aus der Familie der Proteaceae.<br />
<!--more--></p>
<p>Botanischer Name: Protea grandiceps Tratt.</p>
<p>Familie: Proteaceae</p>
<p>Herkunft: Südafrika</p>
<p>Gebräuchlicher Name: Seeteufel, Bartmeise, Rotbartmeise</p>
<p>Winterhärte: -7°C</p>
<p>Sammlung CCVS</p>
<p>IUCN Red List: NT (Quasi bedroht)</p>
<p><strong>Beschreibung</strong></p>
<p>Protea grandiceps ist ein langsam wachsender Strauch, der bis zu 2 m hoch und 3 m breit werden kann. Sein Lebensraum ist im Allgemeinen trocken, gelegentlich feucht. Er wächst an Hängen zwischen 1200 und 1700 m Höhe. Sie benötigt daher einen sehr gut drainierten Boden. Bei uns wächst sie auf dem Felsen. Die Blütezeit ist im Frühjahr.[/vc_column_text][/vc_column][/vc_row]</p>
</div></div></div>
