{"id":61644,"date":"2020-03-15T15:50:14","date_gmt":"2020-03-15T15:50:14","guid":{"rendered":"https:\/\/jardinexotiqueroscoff.com\/produit\/protea-coronata\/"},"modified":"2025-11-24T13:32:10","modified_gmt":"2025-11-24T13:32:10","slug":"protea-coronata","status":"publish","type":"product","link":"https:\/\/jardinexotiqueroscoff.com\/de\/produit\/protea-coronata\/","title":{"rendered":"Protea coronata"},"content":{"rendered":"<div id=\"dslc-theme-content\"><div id=\"dslc-theme-content-inner\"><div class=\"wpb-content-wrapper\"><p>[vc_row][vc_column][vc_column_text]Zusammenfassung: Protea coronata ist ein Strauch aus der Familie der Proteaceae.<br \/>\n<!--more--><\/p>\n<p>Botanischer Name: Protea coronata Lam.<\/p>\n<p>Familie: Proteaceae<\/p>\n<p>Herkunft: S\u00fcdafrika<\/p>\n<p>Gebr\u00e4uchlicher Name: Protega, Bartgrasm\u00fccke, Gr\u00fcne Bartgrasm\u00fccke<\/p>\n<p>Winterh\u00e4rte: -5\u00b0C<\/p>\n<p>Sammlung CCVS<\/p>\n<p>IUCN Red List: NT (Quasi bedroht)<\/p>\n<p><strong>Beschreibung<\/strong><\/p>\n<p>Protea coronata ist ein 2 bis 3 Meter hoher Strauch. Er w\u00e4chst in der Region des West- und Ostkaps zwischen 200 und 750 m \u00fcber dem Meeresspiegel. Die Bl\u00fctezeit ist im Fr\u00fchjahr.[\/vc_column_text][\/vc_column][\/vc_row]<\/p>\n<\/div><\/div><\/div>","protected":false},"excerpt":{"rendered":"<p>[vc_row][vc_column][vc_column_text]Zusammenfassung: Protea coronata ist ein Strauch aus der Familie der Proteaceae.<\/p>\n","protected":false},"featured_media":60644,"template":"","meta":[],"product_brand":[],"product_cat":[436,435,434,437],"product_tag":[517,439,438],"class_list":{"0":"post-61644","1":"product","2":"type-product","3":"status-publish","4":"has-post-thumbnail","6":"product_cat-protea-de","7":"product_cat-proteaceae-de","8":"product_cat-proteus","9":"product_cat-sudafrika","10":"product_tag-proteacea","11":"product_tag-sammlung-ccvs","12":"product_tag-strauch","14":"first","15":"instock","16":"featured","17":"shipping-taxable","18":"product-type-simple"},"_links":{"self":[{"href":"https:\/\/jardinexotiqueroscoff.com\/de\/wp-json\/wp\/v2\/product\/61644","targetHints":{"allow":["GET"]}}],"collection":[{"href":"https:\/\/jardinexotiqueroscoff.com\/de\/wp-json\/wp\/v2\/product"}],"about":[{"href":"https:\/\/jardinexotiqueroscoff.com\/de\/wp-json\/wp\/v2\/types\/product"}],"wp:featuredmedia":[{"embeddable":true,"href":"https:\/\/jardinexotiqueroscoff.com\/de\/wp-json\/wp\/v2\/media\/60644"}],"wp:attachment":[{"href":"https:\/\/jardinexotiqueroscoff.com\/de\/wp-json\/wp\/v2\/media?parent=61644"}],"wp:term":[{"taxonomy":"product_brand","embeddable":true,"href":"https:\/\/jardinexotiqueroscoff.com\/de\/wp-json\/wp\/v2\/product_brand?post=61644"},{"taxonomy":"product_cat","embeddable":true,"href":"https:\/\/jardinexotiqueroscoff.com\/de\/wp-json\/wp\/v2\/product_cat?post=61644"},{"taxonomy":"product_tag","embeddable":true,"href":"https:\/\/jardinexotiqueroscoff.com\/de\/wp-json\/wp\/v2\/product_tag?post=61644"}],"curies":[{"name":"wp","href":"https:\/\/api.w.org\/{rel}","templated":true}]}}

<div id="dslc-theme-content"><div id="dslc-theme-content-inner"><div class="wpb-content-wrapper"><p>[vc_row][vc_column][vc_column_text]Zusammenfassung: Protea coronata ist ein Strauch aus der Familie der Proteaceae.<br />
<!--more--></p>
<p>Botanischer Name: Protea coronata Lam.</p>
<p>Familie: Proteaceae</p>
<p>Herkunft: Südafrika</p>
<p>Gebräuchlicher Name: Protega, Bartgrasmücke, Grüne Bartgrasmücke</p>
<p>Winterhärte: -5°C</p>
<p>Sammlung CCVS</p>
<p>IUCN Red List: NT (Quasi bedroht)</p>
<p><strong>Beschreibung</strong></p>
<p>Protea coronata ist ein 2 bis 3 Meter hoher Strauch. Er wächst in der Region des West- und Ostkaps zwischen 200 und 750 m über dem Meeresspiegel. Die Blütezeit ist im Frühjahr.[/vc_column_text][/vc_column][/vc_row]</p>
</div></div></div>
