{"id":61494,"date":"2019-06-25T13:57:29","date_gmt":"2019-06-25T13:57:29","guid":{"rendered":"https:\/\/jardinexotiqueroscoff.com\/produit\/cyrtanthus-sanguineus\/"},"modified":"2025-11-24T13:37:02","modified_gmt":"2025-11-24T13:37:02","slug":"cyrtanthus-sanguineus","status":"publish","type":"product","link":"https:\/\/jardinexotiqueroscoff.com\/de\/produit\/cyrtanthus-sanguineus\/","title":{"rendered":"Cyrtanthus sanguineus"},"content":{"rendered":"<div id=\"dslc-theme-content\"><div id=\"dslc-theme-content-inner\"><p>Zusammenfassung: Cyrtanthus sanguineus ist eine h\u00fcbsche rote Zwiebel aus S\u00fcdafrika.<br \/>\n<!--more--><\/p>\n<p>Botanischer Name: Cyrtanthus sanguineus (Lindl.) Walp.<\/p>\n<p>Familie: Amaryllidaceae<\/p>\n<p>Herkunft: S\u00fcdafrika<\/p>\n<p>Gew\u00f6hnlicher Name: Lys Kei<\/p>\n<p>Winterh\u00e4rte: Zone 10 (0\u00b0C), kein Frost<\/p>\n<p>Cyrtanthus sanguineus ist eine Zwiebel, die aus Natal im Osten S\u00fcdafrikas stammt. Sein urspr\u00fcngliches Klima ist subtropisch mit regelm\u00e4\u00dfigen Regenf\u00e4llen. Daher vertr\u00e4gt er keinen Frost. Er bl\u00fcht von August bis September, legt aber bei Trockenheit eine Ruhepause ein. In diesem Fall bl\u00fcht er sp\u00e4ter, wenn der Regen wieder einsetzt. Die Vegetation ist immergr\u00fcn: Das Laub wird ca. 15 cm hoch, mit den Bl\u00fcten 40 cm. Er mag es eng. Es sollte nicht oft geteilt werden. Der Boden muss drainiert sein. Er liebt den Fels und w\u00e4chst in seinem Land in die Ritzen.<\/p>\n<\/div><\/div>","protected":false},"excerpt":{"rendered":"<p>Zusammenfassung: Cyrtanthus sanguineus ist eine h\u00fcbsche rote Zwiebel aus S\u00fcdafrika.<\/p>\n","protected":false},"featured_media":59990,"template":"","meta":[],"product_brand":[],"product_cat":[524,674,437,491],"product_tag":[],"class_list":{"0":"post-61494","1":"product","2":"type-product","3":"status-publish","4":"has-post-thumbnail","6":"product_cat-amaryllidaceae-de","7":"product_cat-cyrtanthus-de","8":"product_cat-sudafrika","9":"product_cat-zwiebel","11":"first","12":"instock","13":"featured","14":"shipping-taxable","15":"product-type-simple"},"_links":{"self":[{"href":"https:\/\/jardinexotiqueroscoff.com\/de\/wp-json\/wp\/v2\/product\/61494","targetHints":{"allow":["GET"]}}],"collection":[{"href":"https:\/\/jardinexotiqueroscoff.com\/de\/wp-json\/wp\/v2\/product"}],"about":[{"href":"https:\/\/jardinexotiqueroscoff.com\/de\/wp-json\/wp\/v2\/types\/product"}],"wp:featuredmedia":[{"embeddable":true,"href":"https:\/\/jardinexotiqueroscoff.com\/de\/wp-json\/wp\/v2\/media\/59990"}],"wp:attachment":[{"href":"https:\/\/jardinexotiqueroscoff.com\/de\/wp-json\/wp\/v2\/media?parent=61494"}],"wp:term":[{"taxonomy":"product_brand","embeddable":true,"href":"https:\/\/jardinexotiqueroscoff.com\/de\/wp-json\/wp\/v2\/product_brand?post=61494"},{"taxonomy":"product_cat","embeddable":true,"href":"https:\/\/jardinexotiqueroscoff.com\/de\/wp-json\/wp\/v2\/product_cat?post=61494"},{"taxonomy":"product_tag","embeddable":true,"href":"https:\/\/jardinexotiqueroscoff.com\/de\/wp-json\/wp\/v2\/product_tag?post=61494"}],"curies":[{"name":"wp","href":"https:\/\/api.w.org\/{rel}","templated":true}]}}

<div id="dslc-theme-content"><div id="dslc-theme-content-inner"><p>Zusammenfassung: Cyrtanthus sanguineus ist eine hübsche rote Zwiebel aus Südafrika.<br />
<!--more--></p>
<p>Botanischer Name: Cyrtanthus sanguineus (Lindl.) Walp.</p>
<p>Familie: Amaryllidaceae</p>
<p>Herkunft: Südafrika</p>
<p>Gewöhnlicher Name: Lys Kei</p>
<p>Winterhärte: Zone 10 (0°C), kein Frost</p>
<p>Cyrtanthus sanguineus ist eine Zwiebel, die aus Natal im Osten Südafrikas stammt. Sein ursprüngliches Klima ist subtropisch mit regelmäßigen Regenfällen. Daher verträgt er keinen Frost. Er blüht von August bis September, legt aber bei Trockenheit eine Ruhepause ein. In diesem Fall blüht er später, wenn der Regen wieder einsetzt. Die Vegetation ist immergrün: Das Laub wird ca. 15 cm hoch, mit den Blüten 40 cm. Er mag es eng. Es sollte nicht oft geteilt werden. Der Boden muss drainiert sein. Er liebt den Fels und wächst in seinem Land in die Ritzen.</p>
</div></div>

<p>Zusammenfassung: Cyrtanthus sanguineus ist eine hübsche rote Zwiebel aus Südafrika.</p>
