{"id":61444,"date":"2019-11-10T10:02:23","date_gmt":"2019-11-10T10:02:23","guid":{"rendered":"https:\/\/jardinexotiqueroscoff.com\/produit\/protea-eximia\/"},"modified":"2025-11-24T13:34:32","modified_gmt":"2025-11-24T13:34:32","slug":"protea-eximia","status":"publish","type":"product","link":"https:\/\/jardinexotiqueroscoff.com\/de\/produit\/protea-eximia\/","title":{"rendered":"Protea eximia"},"content":{"rendered":"<div id=\"dslc-theme-content\"><div id=\"dslc-theme-content-inner\"><div class=\"wpb-content-wrapper\"><p>[vc_row][vc_column][vc_column_text]Zusammenfassung: Protea eximia ist ein s\u00fcdafrikanischer Strauch aus der Familie der Proteaceae.<br \/>\n<!--more--><\/p>\n<p>Botanischer Name: Protea eximia (Salisb. ex Knight) Fourc.<\/p>\n<p>Familie: Proteaceae<\/p>\n<p>Herkunft: S\u00fcdafrika<\/p>\n<p>Gebr\u00e4uchlicher Name: Proteus, Broad-leaf Sugarbush<\/p>\n<p>Winterh\u00e4rte: wenig winterhart (-6\u00b0C), wenn sie gut installiert ist<\/p>\n<p>CCVS Protea Kollektion<\/p>\n<p>Protea eximia ist ein s\u00fcdafrikanischer Strauch aus der Familie der Proteaceae, der 2 bis 5 m hoch werden kann. Ihr Lebensraum liegt zwischen 200 und 1600 m \u00fc.d.M. von Keeromberg \u00fcber Langeberg und Swartberg bis zu den Kouga-Bergen und dem Elansberg auf Sandstein- und Quarzitb\u00f6den. Die Bl\u00fctezeit ist bei den verschiedenen Pflanzen unterschiedlich.[\/vc_column_text][\/vc_column][\/vc_row]<\/p>\n<\/div><\/div><\/div>","protected":false},"excerpt":{"rendered":"<p>[vc_row][vc_column][vc_column_text]Zusammenfassung: Protea eximia ist ein s\u00fcdafrikanischer Strauch aus der Familie der Proteaceae.<\/p>\n","protected":false},"featured_media":60172,"template":"","meta":[],"product_brand":[],"product_cat":[435,436,434,437],"product_tag":[517,439],"class_list":{"0":"post-61444","1":"product","2":"type-product","3":"status-publish","4":"has-post-thumbnail","6":"product_cat-proteaceae-de","7":"product_cat-protea-de","8":"product_cat-proteus","9":"product_cat-sudafrika","10":"product_tag-proteacea","11":"product_tag-sammlung-ccvs","13":"first","14":"instock","15":"shipping-taxable","16":"product-type-simple"},"_links":{"self":[{"href":"https:\/\/jardinexotiqueroscoff.com\/de\/wp-json\/wp\/v2\/product\/61444","targetHints":{"allow":["GET"]}}],"collection":[{"href":"https:\/\/jardinexotiqueroscoff.com\/de\/wp-json\/wp\/v2\/product"}],"about":[{"href":"https:\/\/jardinexotiqueroscoff.com\/de\/wp-json\/wp\/v2\/types\/product"}],"wp:featuredmedia":[{"embeddable":true,"href":"https:\/\/jardinexotiqueroscoff.com\/de\/wp-json\/wp\/v2\/media\/60172"}],"wp:attachment":[{"href":"https:\/\/jardinexotiqueroscoff.com\/de\/wp-json\/wp\/v2\/media?parent=61444"}],"wp:term":[{"taxonomy":"product_brand","embeddable":true,"href":"https:\/\/jardinexotiqueroscoff.com\/de\/wp-json\/wp\/v2\/product_brand?post=61444"},{"taxonomy":"product_cat","embeddable":true,"href":"https:\/\/jardinexotiqueroscoff.com\/de\/wp-json\/wp\/v2\/product_cat?post=61444"},{"taxonomy":"product_tag","embeddable":true,"href":"https:\/\/jardinexotiqueroscoff.com\/de\/wp-json\/wp\/v2\/product_tag?post=61444"}],"curies":[{"name":"wp","href":"https:\/\/api.w.org\/{rel}","templated":true}]}}

<div id="dslc-theme-content"><div id="dslc-theme-content-inner"><div class="wpb-content-wrapper"><p>[vc_row][vc_column][vc_column_text]Zusammenfassung: Protea eximia ist ein südafrikanischer Strauch aus der Familie der Proteaceae.<br />
<!--more--></p>
<p>Botanischer Name: Protea eximia (Salisb. ex Knight) Fourc.</p>
<p>Familie: Proteaceae</p>
<p>Herkunft: Südafrika</p>
<p>Gebräuchlicher Name: Proteus, Broad-leaf Sugarbush</p>
<p>Winterhärte: wenig winterhart (-6°C), wenn sie gut installiert ist</p>
<p>CCVS Protea Kollektion</p>
<p>Protea eximia ist ein südafrikanischer Strauch aus der Familie der Proteaceae, der 2 bis 5 m hoch werden kann. Ihr Lebensraum liegt zwischen 200 und 1600 m ü.d.M. von Keeromberg über Langeberg und Swartberg bis zu den Kouga-Bergen und dem Elansberg auf Sandstein- und Quarzitböden. Die Blütezeit ist bei den verschiedenen Pflanzen unterschiedlich.[/vc_column_text][/vc_column][/vc_row]</p>
</div></div></div>

<p>[vc_row][vc_column][vc_column_text]Zusammenfassung: Protea eximia ist ein südafrikanischer Strauch aus der Familie der Proteaceae.</p>
