{"id":61430,"date":"2019-11-21T15:26:01","date_gmt":"2019-11-21T15:26:01","guid":{"rendered":"https:\/\/jardinexotiqueroscoff.com\/produit\/clivia-caulescens\/"},"modified":"2025-11-24T13:34:08","modified_gmt":"2025-11-24T13:34:08","slug":"clivia-caulescens","status":"publish","type":"product","link":"https:\/\/jardinexotiqueroscoff.com\/de\/produit\/clivia-caulescens\/","title":{"rendered":"Clivia caulescens"},"content":{"rendered":"<div id=\"dslc-theme-content\"><div id=\"dslc-theme-content-inner\"><div class=\"wpb-content-wrapper\"><p>[vc_row][vc_column][vc_column_text]Zusammenfassung: Clivia caulescens ist eine Zwiebel aus der Familie der Amaryllidaceae, die in S\u00fcdafrika beheimatet ist.<!--more--><\/p>\n<p>Botanischer Name: Clivia caulescens R.A. Dyer<\/p>\n<p>Familie: Amaryllidaceae<\/p>\n<p>Herkunft: S\u00fcdafrika<\/p>\n<p>Gebr\u00e4uchlicher Name: clivia, clivie caulescente<\/p>\n<p>Winterh\u00e4rte: Kurzzeitig -6\u00b0C.<\/p>\n<p>Clivia caulescens ist eine Zwiebel aus der Familie der Amaryllidaceae, die in S\u00fcdafrika beheimatet ist. Das Laub ist immergr\u00fcn und der 50 cm bis 1 m hohe, sich verbreiternde Busch treibt aus. Die Bl\u00fctezeit ist vom sp\u00e4ten Fr\u00fchjahr bis zum Ende des Sommers. Wir kultivieren sie im Unterholz, aber sie kann auch im Halbschatten stehen. Sie ben\u00f6tigt einen durchl\u00e4ssigen und k\u00fchlen Boden. Wir kauften 2009 Samen von SilverHill in S\u00fcdafrika und die Pflanze wurde 2011 in die Erde gebracht, wo sie sich jetzt befindet.[\/vc_column_text][\/vc_column][\/vc_row]<\/p>\n<\/div><\/div><\/div>","protected":false},"excerpt":{"rendered":"<p>[vc_row][vc_column][vc_column_text]Zusammenfassung: Clivia caulescens ist eine Zwiebel aus der Familie der Amaryllidaceae, die in S\u00fcdafrika beheimatet ist.<\/p>\n","protected":false},"featured_media":60254,"template":"","meta":[],"product_brand":[],"product_cat":[616,524,617,437,491],"product_tag":[495],"class_list":{"0":"post-61430","1":"product","2":"type-product","3":"status-publish","4":"has-post-thumbnail","6":"product_cat-clivia-de","7":"product_cat-amaryllidaceae-de","8":"product_cat-clivie-de","9":"product_cat-sudafrika","10":"product_cat-zwiebel","11":"product_tag-zwiebel","13":"first","14":"instock","15":"featured","16":"shipping-taxable","17":"product-type-simple"},"_links":{"self":[{"href":"https:\/\/jardinexotiqueroscoff.com\/de\/wp-json\/wp\/v2\/product\/61430","targetHints":{"allow":["GET"]}}],"collection":[{"href":"https:\/\/jardinexotiqueroscoff.com\/de\/wp-json\/wp\/v2\/product"}],"about":[{"href":"https:\/\/jardinexotiqueroscoff.com\/de\/wp-json\/wp\/v2\/types\/product"}],"wp:featuredmedia":[{"embeddable":true,"href":"https:\/\/jardinexotiqueroscoff.com\/de\/wp-json\/wp\/v2\/media\/60254"}],"wp:attachment":[{"href":"https:\/\/jardinexotiqueroscoff.com\/de\/wp-json\/wp\/v2\/media?parent=61430"}],"wp:term":[{"taxonomy":"product_brand","embeddable":true,"href":"https:\/\/jardinexotiqueroscoff.com\/de\/wp-json\/wp\/v2\/product_brand?post=61430"},{"taxonomy":"product_cat","embeddable":true,"href":"https:\/\/jardinexotiqueroscoff.com\/de\/wp-json\/wp\/v2\/product_cat?post=61430"},{"taxonomy":"product_tag","embeddable":true,"href":"https:\/\/jardinexotiqueroscoff.com\/de\/wp-json\/wp\/v2\/product_tag?post=61430"}],"curies":[{"name":"wp","href":"https:\/\/api.w.org\/{rel}","templated":true}]}}

<div id="dslc-theme-content"><div id="dslc-theme-content-inner"><div class="wpb-content-wrapper"><p>[vc_row][vc_column][vc_column_text]Zusammenfassung: Clivia caulescens ist eine Zwiebel aus der Familie der Amaryllidaceae, die in Südafrika beheimatet ist.<!--more--></p>
<p>Botanischer Name: Clivia caulescens R.A. Dyer</p>
<p>Familie: Amaryllidaceae</p>
<p>Herkunft: Südafrika</p>
<p>Gebräuchlicher Name: clivia, clivie caulescente</p>
<p>Winterhärte: Kurzzeitig -6°C.</p>
<p>Clivia caulescens ist eine Zwiebel aus der Familie der Amaryllidaceae, die in Südafrika beheimatet ist. Das Laub ist immergrün und der 50 cm bis 1 m hohe, sich verbreiternde Busch treibt aus. Die Blütezeit ist vom späten Frühjahr bis zum Ende des Sommers. Wir kultivieren sie im Unterholz, aber sie kann auch im Halbschatten stehen. Sie benötigt einen durchlässigen und kühlen Boden. Wir kauften 2009 Samen von SilverHill in Südafrika und die Pflanze wurde 2011 in die Erde gebracht, wo sie sich jetzt befindet.[/vc_column_text][/vc_column][/vc_row]</p>
</div></div></div>

<p>[vc_row][vc_column][vc_column_text]Zusammenfassung: Clivia caulescens ist eine Zwiebel aus der Familie der Amaryllidaceae, die in Südafrika beheimatet ist.</p>
