{"id":61406,"date":"2019-12-13T09:02:57","date_gmt":"2019-12-13T09:02:57","guid":{"rendered":"https:\/\/jardinexotiqueroscoff.com\/produit\/arbutus-canariensis\/"},"modified":"2025-11-24T13:33:50","modified_gmt":"2025-11-24T13:33:50","slug":"arbutus-canariensis","status":"publish","type":"product","link":"https:\/\/jardinexotiqueroscoff.com\/de\/produit\/arbutus-canariensis\/","title":{"rendered":"Arbutus canariensis"},"content":{"rendered":"<div id=\"dslc-theme-content\"><div id=\"dslc-theme-content-inner\"><div class=\"wpb-content-wrapper\"><p>[vc_row][vc_column][vc_column_text]Zusammenfassung: Arbutus canariensis ist ein Baum aus der Familie der Ericaceae.<br \/>\n<!--more--><\/p>\n<p>Botanischer Name: Arbutus canariensis S.Veillard ex Duhamel<\/p>\n<p>Familie: Ericaceae<\/p>\n<p>Herkunft: Kanarische Inseln<\/p>\n<p>Gemeiner Name: Erdbeerbaum, Erdbeerbaum<\/p>\n<p>Winterh\u00e4rte: -10\u00b0C<\/p>\n<p>IUCN Red List: NT (near threatened: fast gef\u00e4hrdet)<\/p>\n<p>Arbutus canariensis ist ein Obstbaum aus der Familie der Ericaceae, der auf den Kanarischen Inseln in Spanien beheimatet ist. In der Natur kann er bis zu 15 m hoch werden. Die r\u00f6tliche Rinde sch\u00e4lt sich ab. Das Laub ist immergr\u00fcn. Die Bl\u00fcten erscheinen im Sommer und die Fr\u00fcchte im Herbst. Sie sind essbar. Sie werden z.B. zu Marmelade verarbeitet. Er sollte in der Sonne auf einem gut durchl\u00e4ssigen Boden gepflanzt werden. Er vertr\u00e4gt Trockenheit gut.<br \/>\n[\/vc_column_text][\/vc_column][\/vc_row]<\/p>\n<\/div><\/div><\/div>","protected":false},"excerpt":{"rendered":"<p>[vc_row][vc_column][vc_column_text]Zusammenfassung: Arbutus canariensis ist ein Baum aus der Familie der Ericaceae.<\/p>\n","protected":false},"featured_media":60320,"template":"","meta":[],"product_brand":[],"product_cat":[558,559,557,560],"product_tag":[561,518],"class_list":{"0":"post-61406","1":"product","2":"type-product","3":"status-publish","4":"has-post-thumbnail","6":"product_cat-arbutus-de","7":"product_cat-erdbeerbaum","8":"product_cat-ericaceae-de","9":"product_cat-kanarische-inseln","10":"product_tag-baum","11":"product_tag-rote-liste","13":"first","14":"instock","15":"featured","16":"shipping-taxable","17":"product-type-simple"},"_links":{"self":[{"href":"https:\/\/jardinexotiqueroscoff.com\/de\/wp-json\/wp\/v2\/product\/61406","targetHints":{"allow":["GET"]}}],"collection":[{"href":"https:\/\/jardinexotiqueroscoff.com\/de\/wp-json\/wp\/v2\/product"}],"about":[{"href":"https:\/\/jardinexotiqueroscoff.com\/de\/wp-json\/wp\/v2\/types\/product"}],"wp:featuredmedia":[{"embeddable":true,"href":"https:\/\/jardinexotiqueroscoff.com\/de\/wp-json\/wp\/v2\/media\/60320"}],"wp:attachment":[{"href":"https:\/\/jardinexotiqueroscoff.com\/de\/wp-json\/wp\/v2\/media?parent=61406"}],"wp:term":[{"taxonomy":"product_brand","embeddable":true,"href":"https:\/\/jardinexotiqueroscoff.com\/de\/wp-json\/wp\/v2\/product_brand?post=61406"},{"taxonomy":"product_cat","embeddable":true,"href":"https:\/\/jardinexotiqueroscoff.com\/de\/wp-json\/wp\/v2\/product_cat?post=61406"},{"taxonomy":"product_tag","embeddable":true,"href":"https:\/\/jardinexotiqueroscoff.com\/de\/wp-json\/wp\/v2\/product_tag?post=61406"}],"curies":[{"name":"wp","href":"https:\/\/api.w.org\/{rel}","templated":true}]}}

<div id="dslc-theme-content"><div id="dslc-theme-content-inner"><div class="wpb-content-wrapper"><p>[vc_row][vc_column][vc_column_text]Zusammenfassung: Arbutus canariensis ist ein Baum aus der Familie der Ericaceae.<br />
<!--more--></p>
<p>Botanischer Name: Arbutus canariensis S.Veillard ex Duhamel</p>
<p>Familie: Ericaceae</p>
<p>Herkunft: Kanarische Inseln</p>
<p>Gemeiner Name: Erdbeerbaum, Erdbeerbaum</p>
<p>Winterhärte: -10°C</p>
<p>IUCN Red List: NT (near threatened: fast gefährdet)</p>
<p>Arbutus canariensis ist ein Obstbaum aus der Familie der Ericaceae, der auf den Kanarischen Inseln in Spanien beheimatet ist. In der Natur kann er bis zu 15 m hoch werden. Die rötliche Rinde schält sich ab. Das Laub ist immergrün. Die Blüten erscheinen im Sommer und die Früchte im Herbst. Sie sind essbar. Sie werden z.B. zu Marmelade verarbeitet. Er sollte in der Sonne auf einem gut durchlässigen Boden gepflanzt werden. Er verträgt Trockenheit gut.<br />
[/vc_column_text][/vc_column][/vc_row]</p>
</div></div></div>
