{"id":61402,"date":"2019-12-13T09:36:55","date_gmt":"2019-12-13T09:36:55","guid":{"rendered":"https:\/\/jardinexotiqueroscoff.com\/produit\/conanthera-trimaculata\/"},"modified":"2025-11-24T13:33:40","modified_gmt":"2025-11-24T13:33:40","slug":"conanthera-trimaculata","status":"publish","type":"product","link":"https:\/\/jardinexotiqueroscoff.com\/de\/produit\/conanthera-trimaculata\/","title":{"rendered":"Conanthera trimaculata"},"content":{"rendered":"<div id=\"dslc-theme-content\"><div id=\"dslc-theme-content-inner\"><div class=\"wpb-content-wrapper\"><p>[vc_row][vc_column][vc_column_text]Zusammenfassung: Conanthera trimaculata ist eine Zwiebel aus der Familie der Tecophilaeaceae.<br \/>\n<!--more--><\/p>\n<p>Botanischer Name: Conanthera trimaculata (D.Don) F.Meigen<\/p>\n<p>Familie: Tecophilaeaceae<\/p>\n<p>Herkunft: Chile (Mitte)<\/p>\n<p>Gew\u00f6hnlicher Name: conanthera (keiner auf Deutsch)<\/p>\n<p>Winterh\u00e4rte: -7 oder _8\u00b0C (nicht sicher, da es sich um eine wenig kultivierte Pflanze handelt)<\/p>\n<p>Conanthera trimaculata ist eine in Zentralchile endemische Zwiebel aus der Familie der Tecophilaeaceae. Er ist recht h\u00e4ufig. Er w\u00e4chst im Schatten in einer Vegetation, die 20-40% des Lichts filtert, in den inneren T\u00e4lern am Meer auf 2000 m H\u00f6he. Er kann eine Trockenheit von 3 bis 5 Monaten mit Winterniederschl\u00e4gen von 400 bis 800 mm vertragen. [\/vc_column_text][\/vc_column][\/vc_row]<\/p>\n<\/div><\/div><\/div>","protected":false},"excerpt":{"rendered":"<p>[vc_row][vc_column][vc_column_text]Zusammenfassung: Conanthera trimaculata ist eine Zwiebel aus der Familie der Tecophilaeaceae.<\/p>\n","protected":false},"featured_media":60328,"template":"","meta":[],"product_brand":[],"product_cat":[545,547,546,491],"product_tag":[495],"class_list":{"0":"post-61402","1":"product","2":"type-product","3":"status-publish","4":"has-post-thumbnail","6":"product_cat-chile-de","7":"product_cat-conanthera-de","8":"product_cat-tecophilaeaceae-de","9":"product_cat-zwiebel","10":"product_tag-zwiebel","12":"first","13":"instock","14":"featured","15":"shipping-taxable","16":"product-type-simple"},"_links":{"self":[{"href":"https:\/\/jardinexotiqueroscoff.com\/de\/wp-json\/wp\/v2\/product\/61402","targetHints":{"allow":["GET"]}}],"collection":[{"href":"https:\/\/jardinexotiqueroscoff.com\/de\/wp-json\/wp\/v2\/product"}],"about":[{"href":"https:\/\/jardinexotiqueroscoff.com\/de\/wp-json\/wp\/v2\/types\/product"}],"wp:featuredmedia":[{"embeddable":true,"href":"https:\/\/jardinexotiqueroscoff.com\/de\/wp-json\/wp\/v2\/media\/60328"}],"wp:attachment":[{"href":"https:\/\/jardinexotiqueroscoff.com\/de\/wp-json\/wp\/v2\/media?parent=61402"}],"wp:term":[{"taxonomy":"product_brand","embeddable":true,"href":"https:\/\/jardinexotiqueroscoff.com\/de\/wp-json\/wp\/v2\/product_brand?post=61402"},{"taxonomy":"product_cat","embeddable":true,"href":"https:\/\/jardinexotiqueroscoff.com\/de\/wp-json\/wp\/v2\/product_cat?post=61402"},{"taxonomy":"product_tag","embeddable":true,"href":"https:\/\/jardinexotiqueroscoff.com\/de\/wp-json\/wp\/v2\/product_tag?post=61402"}],"curies":[{"name":"wp","href":"https:\/\/api.w.org\/{rel}","templated":true}]}}

<div id="dslc-theme-content"><div id="dslc-theme-content-inner"><div class="wpb-content-wrapper"><p>[vc_row][vc_column][vc_column_text]Zusammenfassung: Conanthera trimaculata ist eine Zwiebel aus der Familie der Tecophilaeaceae.<br />
<!--more--></p>
<p>Botanischer Name: Conanthera trimaculata (D.Don) F.Meigen</p>
<p>Familie: Tecophilaeaceae</p>
<p>Herkunft: Chile (Mitte)</p>
<p>Gewöhnlicher Name: conanthera (keiner auf Deutsch)</p>
<p>Winterhärte: -7 oder _8°C (nicht sicher, da es sich um eine wenig kultivierte Pflanze handelt)</p>
<p>Conanthera trimaculata ist eine in Zentralchile endemische Zwiebel aus der Familie der Tecophilaeaceae. Er ist recht häufig. Er wächst im Schatten in einer Vegetation, die 20-40% des Lichts filtert, in den inneren Tälern am Meer auf 2000 m Höhe. Er kann eine Trockenheit von 3 bis 5 Monaten mit Winterniederschlägen von 400 bis 800 mm vertragen. [/vc_column_text][/vc_column][/vc_row]</p>
</div></div></div>
