{"id":61385,"date":"2019-12-18T15:02:57","date_gmt":"2019-12-18T15:02:57","guid":{"rendered":"https:\/\/jardinexotiqueroscoff.com\/produit\/gladiolus-undulatus\/"},"modified":"2025-11-24T13:33:28","modified_gmt":"2025-11-24T13:33:28","slug":"gladiolus-undulatus","status":"publish","type":"product","link":"https:\/\/jardinexotiqueroscoff.com\/de\/produit\/gladiolus-undulatus\/","title":{"rendered":"Gladiolus undulatus"},"content":{"rendered":"<div id=\"dslc-theme-content\"><div id=\"dslc-theme-content-inner\"><div class=\"wpb-content-wrapper\"><p>[vc_row][vc_column][vc_column_text]Zusammenfassung: Gladiolus undulatus ist eine Zwiebelpflanze aus der Familie der Iridaceae.<br \/>\n<!--more--><\/p>\n<p>Botanischer Name: Gladiolus undulatus L.<\/p>\n<p>Familie: Iridaceae<\/p>\n<p>Herkunft: S\u00fcdafrika<\/p>\n<p>Gew\u00f6hnlicher Name: Gladiole<\/p>\n<p>Winterh\u00e4rte: Zone 9 (um -7\u00b0C)<\/p>\n<p>Gladiolus undulatus ist eine Zwiebel (Corme) aus den gem\u00e4\u00dfigten Regionen S\u00fcdafrikas. Die Vegetationsperiode dauert von Ende November bis Juni. Die Bl\u00fctezeit ist im Mai\/Juni. Von Juli bis November ist die vegetationslose Ruhezeit. Er stammt aus dem S\u00fcdwesten S\u00fcdafrikas, wo er an Stra\u00dfenr\u00e4ndern, in gest\u00f6rten Gebieten oder in Winterfeuchtgebieten w\u00e4chst. In der Bl\u00fctezeit erreicht sie eine H\u00f6he von 40-70 cm. Wir kultivieren ihn im Gew\u00e4chshaus am Rand der Plane, wo es im Winter feucht ist, und im Garten. Er sollte eher im Halbschatten angebaut werden.[\/vc_column_text][\/vc_column][\/vc_row]<\/p>\n<\/div><\/div><\/div>","protected":false},"excerpt":{"rendered":"<p>[vc_row][vc_column][vc_column_text]Zusammenfassung: Gladiolus undulatus ist eine Zwiebelpflanze aus der Familie der Iridaceae.<\/p>\n","protected":false},"featured_media":60386,"template":"","meta":[],"product_brand":[],"product_cat":[502,503,501,437,491],"product_tag":[],"class_list":{"0":"post-61385","1":"product","2":"type-product","3":"status-publish","4":"has-post-thumbnail","6":"product_cat-gladiolus-de","7":"product_cat-gladiole","8":"product_cat-iridaceae-de","9":"product_cat-sudafrika","10":"product_cat-zwiebel","12":"first","13":"instock","14":"featured","15":"shipping-taxable","16":"product-type-simple"},"_links":{"self":[{"href":"https:\/\/jardinexotiqueroscoff.com\/de\/wp-json\/wp\/v2\/product\/61385","targetHints":{"allow":["GET"]}}],"collection":[{"href":"https:\/\/jardinexotiqueroscoff.com\/de\/wp-json\/wp\/v2\/product"}],"about":[{"href":"https:\/\/jardinexotiqueroscoff.com\/de\/wp-json\/wp\/v2\/types\/product"}],"wp:featuredmedia":[{"embeddable":true,"href":"https:\/\/jardinexotiqueroscoff.com\/de\/wp-json\/wp\/v2\/media\/60386"}],"wp:attachment":[{"href":"https:\/\/jardinexotiqueroscoff.com\/de\/wp-json\/wp\/v2\/media?parent=61385"}],"wp:term":[{"taxonomy":"product_brand","embeddable":true,"href":"https:\/\/jardinexotiqueroscoff.com\/de\/wp-json\/wp\/v2\/product_brand?post=61385"},{"taxonomy":"product_cat","embeddable":true,"href":"https:\/\/jardinexotiqueroscoff.com\/de\/wp-json\/wp\/v2\/product_cat?post=61385"},{"taxonomy":"product_tag","embeddable":true,"href":"https:\/\/jardinexotiqueroscoff.com\/de\/wp-json\/wp\/v2\/product_tag?post=61385"}],"curies":[{"name":"wp","href":"https:\/\/api.w.org\/{rel}","templated":true}]}}

<div id="dslc-theme-content"><div id="dslc-theme-content-inner"><div class="wpb-content-wrapper"><p>[vc_row][vc_column][vc_column_text]Zusammenfassung: Gladiolus undulatus ist eine Zwiebelpflanze aus der Familie der Iridaceae.<br />
<!--more--></p>
<p>Botanischer Name: Gladiolus undulatus L.</p>
<p>Familie: Iridaceae</p>
<p>Herkunft: Südafrika</p>
<p>Gewöhnlicher Name: Gladiole</p>
<p>Winterhärte: Zone 9 (um -7°C)</p>
<p>Gladiolus undulatus ist eine Zwiebel (Corme) aus den gemäßigten Regionen Südafrikas. Die Vegetationsperiode dauert von Ende November bis Juni. Die Blütezeit ist im Mai/Juni. Von Juli bis November ist die vegetationslose Ruhezeit. Er stammt aus dem Südwesten Südafrikas, wo er an Straßenrändern, in gestörten Gebieten oder in Winterfeuchtgebieten wächst. In der Blütezeit erreicht sie eine Höhe von 40-70 cm. Wir kultivieren ihn im Gewächshaus am Rand der Plane, wo es im Winter feucht ist, und im Garten. Er sollte eher im Halbschatten angebaut werden.[/vc_column_text][/vc_column][/vc_row]</p>
</div></div></div>
