{"id":61376,"date":"2020-01-14T14:00:38","date_gmt":"2020-01-14T14:00:38","guid":{"rendered":"https:\/\/jardinexotiqueroscoff.com\/produit\/amicia-zygomeris\/"},"modified":"2025-11-24T13:33:17","modified_gmt":"2025-11-24T13:33:17","slug":"amicia-zygomeris","status":"publish","type":"product","link":"https:\/\/jardinexotiqueroscoff.com\/de\/produit\/amicia-zygomeris\/","title":{"rendered":"Amicia zygomeris"},"content":{"rendered":"<div id=\"dslc-theme-content\"><div id=\"dslc-theme-content-inner\"><div class=\"wpb-content-wrapper\"><p>[vc_row][vc_column][vc_column_text]Zusammenfassung: Amicia zygomeris ist ein Strauch aus der Familie der Fabaceae.<br \/>\n<!--more--><\/p>\n<p>Botanischer Name: Amicia zygomeris DC<\/p>\n<p>Familie: Fabaceae, Leguminosae<\/p>\n<p>Herkunft: Mexiko<\/p>\n<p>Gew\u00f6hnlicher Name: Gelbbl\u00fctige Amicie<\/p>\n<p>Winterh\u00e4rte: -10\u00b0C bis -12\u00b0C<\/p>\n<p>Amicia zygomeris ist ein Strauch oder kleiner Busch aus der Familie der Fabaceae oder H\u00fclsenfr\u00fcchte mexikanischen Ursprungs. Nur der Baumstumpf ist verholzt. Die St\u00e4ngel k\u00f6nnen 1,50 bis 2 m hoch werden. Die Bl\u00e4tter schlie\u00dfen sich in der Nacht. Die gelbe Bl\u00fcte erscheint im Herbst, gefolgt von den Fr\u00fcchten. Die Wurzeln sind r\u00f6hrenf\u00f6rmig. Der Boden muss k\u00fchl, aber gut durchl\u00e4ssig sein. Achtung: Schnecken und Nacktschnecken lieben ihn. Es ist besser, den Fu\u00df zu mulchen, um den Boden frisch zu halten.[\/vc_column_text][\/vc_column][\/vc_row]<\/p>\n<\/div><\/div><\/div>","protected":false},"excerpt":{"rendered":"<p>[vc_row][vc_column][vc_column_text]Zusammenfassung: Amicia zygomeris ist ein Strauch aus der Familie der Fabaceae.<\/p>\n","protected":false},"featured_media":60426,"template":"","meta":[],"product_brand":[],"product_cat":[475,476,474,458],"product_tag":[477],"class_list":{"0":"post-61376","1":"product","2":"type-product","3":"status-publish","4":"has-post-thumbnail","6":"product_cat-amicia-de","7":"product_cat-amicie-de","8":"product_cat-fabaceae-de","9":"product_cat-mexiko","10":"product_tag-strauch-de","12":"first","13":"instock","14":"featured","15":"shipping-taxable","16":"product-type-simple"},"_links":{"self":[{"href":"https:\/\/jardinexotiqueroscoff.com\/de\/wp-json\/wp\/v2\/product\/61376","targetHints":{"allow":["GET"]}}],"collection":[{"href":"https:\/\/jardinexotiqueroscoff.com\/de\/wp-json\/wp\/v2\/product"}],"about":[{"href":"https:\/\/jardinexotiqueroscoff.com\/de\/wp-json\/wp\/v2\/types\/product"}],"wp:featuredmedia":[{"embeddable":true,"href":"https:\/\/jardinexotiqueroscoff.com\/de\/wp-json\/wp\/v2\/media\/60426"}],"wp:attachment":[{"href":"https:\/\/jardinexotiqueroscoff.com\/de\/wp-json\/wp\/v2\/media?parent=61376"}],"wp:term":[{"taxonomy":"product_brand","embeddable":true,"href":"https:\/\/jardinexotiqueroscoff.com\/de\/wp-json\/wp\/v2\/product_brand?post=61376"},{"taxonomy":"product_cat","embeddable":true,"href":"https:\/\/jardinexotiqueroscoff.com\/de\/wp-json\/wp\/v2\/product_cat?post=61376"},{"taxonomy":"product_tag","embeddable":true,"href":"https:\/\/jardinexotiqueroscoff.com\/de\/wp-json\/wp\/v2\/product_tag?post=61376"}],"curies":[{"name":"wp","href":"https:\/\/api.w.org\/{rel}","templated":true}]}}

<div id="dslc-theme-content"><div id="dslc-theme-content-inner"><div class="wpb-content-wrapper"><p>[vc_row][vc_column][vc_column_text]Zusammenfassung: Amicia zygomeris ist ein Strauch aus der Familie der Fabaceae.<br />
<!--more--></p>
<p>Botanischer Name: Amicia zygomeris DC</p>
<p>Familie: Fabaceae, Leguminosae</p>
<p>Herkunft: Mexiko</p>
<p>Gewöhnlicher Name: Gelbblütige Amicie</p>
<p>Winterhärte: -10°C bis -12°C</p>
<p>Amicia zygomeris ist ein Strauch oder kleiner Busch aus der Familie der Fabaceae oder Hülsenfrüchte mexikanischen Ursprungs. Nur der Baumstumpf ist verholzt. Die Stängel können 1,50 bis 2 m hoch werden. Die Blätter schließen sich in der Nacht. Die gelbe Blüte erscheint im Herbst, gefolgt von den Früchten. Die Wurzeln sind röhrenförmig. Der Boden muss kühl, aber gut durchlässig sein. Achtung: Schnecken und Nacktschnecken lieben ihn. Es ist besser, den Fuß zu mulchen, um den Boden frisch zu halten.[/vc_column_text][/vc_column][/vc_row]</p>
</div></div></div>
