{"id":61365,"date":"2020-01-15T12:22:20","date_gmt":"2020-01-15T12:22:20","guid":{"rendered":"https:\/\/jardinexotiqueroscoff.com\/produit\/aloe-shadensis\/"},"modified":"2025-11-24T13:33:05","modified_gmt":"2025-11-24T13:33:05","slug":"aloe-shadensis","status":"publish","type":"product","link":"https:\/\/jardinexotiqueroscoff.com\/de\/produit\/aloe-shadensis\/","title":{"rendered":"Aloe shadensis"},"content":{"rendered":"<div id=\"dslc-theme-content\"><div id=\"dslc-theme-content-inner\"><div class=\"wpb-content-wrapper\"><p>[vc_row][vc_column][vc_column_text]Zusammenfassung: Aloe shadensis ist eine sukkulente Pflanze aus der Familie der Aloaceae.<br \/>\n<!--more--><\/p>\n<p>Botanischer Name: Aloe shadensis Lavranos &amp; Collenette<\/p>\n<p>Familie: Aloaceae<\/p>\n<p>Herkunft: Saudi-Arabien<\/p>\n<p>Gew\u00f6hnlicher Name: Aloe Vera<\/p>\n<p>Winterh\u00e4rte: -4\u00b0C<\/p>\n<p>Aloe shadensis ist eine seltene Aloe, die aus dem Jabal Shada, einem Berg in Saudi-Arabien, stammt. Er hat einen Durchmesser von etwa 50 cm, aber bei uns ist er etwas gr\u00f6\u00dfer, da unsere Erde ihm sehr gut bekommt. Die Bl\u00fctezeit ist vom fr\u00fchen Fr\u00fchjahr bis zum sp\u00e4ten Herbst. Er lehnt nicht ab. Wir bauen ihn im Gew\u00e4chshaus an.[\/vc_column_text][\/vc_column][\/vc_row]<\/p>\n<\/div><\/div><\/div>","protected":false},"excerpt":{"rendered":"<p>[vc_row][vc_column][vc_column_text]Zusammenfassung: Aloe shadensis ist eine sukkulente Pflanze aus der Familie der Aloaceae.<\/p>\n","protected":false},"featured_media":60454,"template":"","meta":[],"product_brand":[],"product_cat":[447,446,449,450,448],"product_tag":[451],"class_list":{"0":"post-61365","1":"product","2":"type-product","3":"status-publish","4":"has-post-thumbnail","6":"product_cat-aloe-de","7":"product_cat-aloaceae-de","8":"product_cat-aloe-vera","9":"product_cat-saudi-arabien","10":"product_cat-xanthorrhoeaceae-de","11":"product_tag-sukkulente","13":"first","14":"instock","15":"featured","16":"shipping-taxable","17":"product-type-simple"},"_links":{"self":[{"href":"https:\/\/jardinexotiqueroscoff.com\/de\/wp-json\/wp\/v2\/product\/61365","targetHints":{"allow":["GET"]}}],"collection":[{"href":"https:\/\/jardinexotiqueroscoff.com\/de\/wp-json\/wp\/v2\/product"}],"about":[{"href":"https:\/\/jardinexotiqueroscoff.com\/de\/wp-json\/wp\/v2\/types\/product"}],"wp:featuredmedia":[{"embeddable":true,"href":"https:\/\/jardinexotiqueroscoff.com\/de\/wp-json\/wp\/v2\/media\/60454"}],"wp:attachment":[{"href":"https:\/\/jardinexotiqueroscoff.com\/de\/wp-json\/wp\/v2\/media?parent=61365"}],"wp:term":[{"taxonomy":"product_brand","embeddable":true,"href":"https:\/\/jardinexotiqueroscoff.com\/de\/wp-json\/wp\/v2\/product_brand?post=61365"},{"taxonomy":"product_cat","embeddable":true,"href":"https:\/\/jardinexotiqueroscoff.com\/de\/wp-json\/wp\/v2\/product_cat?post=61365"},{"taxonomy":"product_tag","embeddable":true,"href":"https:\/\/jardinexotiqueroscoff.com\/de\/wp-json\/wp\/v2\/product_tag?post=61365"}],"curies":[{"name":"wp","href":"https:\/\/api.w.org\/{rel}","templated":true}]}}

<div id="dslc-theme-content"><div id="dslc-theme-content-inner"><div class="wpb-content-wrapper"><p>[vc_row][vc_column][vc_column_text]Zusammenfassung: Aloe shadensis ist eine sukkulente Pflanze aus der Familie der Aloaceae.<br />
<!--more--></p>
<p>Botanischer Name: Aloe shadensis Lavranos &amp; Collenette</p>
<p>Familie: Aloaceae</p>
<p>Herkunft: Saudi-Arabien</p>
<p>Gewöhnlicher Name: Aloe Vera</p>
<p>Winterhärte: -4°C</p>
<p>Aloe shadensis ist eine seltene Aloe, die aus dem Jabal Shada, einem Berg in Saudi-Arabien, stammt. Er hat einen Durchmesser von etwa 50 cm, aber bei uns ist er etwas größer, da unsere Erde ihm sehr gut bekommt. Die Blütezeit ist vom frühen Frühjahr bis zum späten Herbst. Er lehnt nicht ab. Wir bauen ihn im Gewächshaus an.[/vc_column_text][/vc_column][/vc_row]</p>
</div></div></div>
